{"id":141,"date":"2015-01-13T17:49:23","date_gmt":"2015-01-13T16:49:23","guid":{"rendered":"http:\/\/www.sps-kadan.cz\/?page_id=141"},"modified":"2025-10-01T11:07:48","modified_gmt":"2025-10-01T10:07:48","slug":"pedagogicky-sbor","status":"publish","type":"page","link":"https:\/\/www.sps-kadan.cz\/?page_id=141","title":{"rendered":"Pedagogick\u00fd sbor"},"content":{"rendered":"\n<p>\u0158editel \u0161koly<\/p>\n\n\n\n<p><\/p>\n\n\n\n<figure class=\"wp-block-table\"><table><tbody><tr><td>Ing. Zde\u0148ka Sob\u011bslavov\u00e1<\/td><td><a href=\"mailto:zsobeslavova@sps-kadan.cz\">zsobeslavova@sps-kadan.c<\/a>z<\/td><\/tr><\/tbody><\/table><\/figure>\n\n\n\n<p>Z\u00e1stupce \u0159editele \u0161koly<\/p>\n\n\n\n<figure class=\"wp-block-table\"><table><tbody><tr><td>Mgr. Monika Synkov\u00e1<\/td><td><a href=\"mailto:msynkova@sps-kadan.cz\">msynkova@sps-kadan.cz<\/a><\/td><\/tr><\/tbody><\/table><\/figure>\n\n\n\n<p>Pedagogick\u00fd sbor 2024\/2025<\/p>\n\n\n\n<figure class=\"wp-block-table is-style-regular\"><table><tbody><tr><td>u\u010ditel\u00e9<\/td><td><\/td><\/tr><tr><td>Ing. Lenka Bene\u0161ov\u00e1&nbsp;<\/td><td><a href=\"mailto:lbenesova@sps-kadan.cz\u00a8\">lbenesova@sps-kadan.cz<\/a><\/td><\/tr><tr><td>Mgr. Ji\u0159\u00ed Bla\u017eka<\/td><td><a href=\"mailto:jblazka@sps-kadan.cz\">jblazka@sps-kadan.cz<\/a><\/td><\/tr><tr><td>Ing. Krist\u00fdna Bulejov\u00e1<\/td><td><a href=\"mailto:kbulejova@sps-kadan.cz\">kbulejova@sps-kadan.cz<\/a><\/td><\/tr><tr><td>Ing. Ludv\u00edk \u010canda&nbsp;<\/td><td><a href=\"mailto:lcanda@sps-kadan.cz\">lcanda@sps-kadan.cz<\/a><\/td><\/tr><tr><td>Jakub Fousek<\/td><td><a href=\"mailto:jfousek@sps-kadan.cz\">jfousek@sps-kadan.cz<\/a><\/td><\/tr><tr><td>Ing. Petra Hamersk\u00e1<\/td><td><a href=\"mailto:phamerska@sps-kadan.cz\">phamerska@sps-kadan.cz<\/a><\/td><\/tr><tr><td>Ing. Franti\u0161ek Hoffmann&nbsp;<\/td><td><a href=\"mailto:hoffmann.f@sps-kadan.cz\">f<\/a><a href=\"mailto:fhoffmann@sps-kadan.cz\">hoffmann@sps-kadan.cz<\/a><\/td><\/tr><tr><td>Ing. Lenka Hrdinov\u00e1&nbsp;<\/td><td><a href=\"mailto:lhrdinova@sps-kadan.cz\">lhrdinova@sps-kadan.cz<\/a><\/td><\/tr><tr><td>Ing. Viktoriia Chernat<\/td><td><a href=\"mailto:vchernat@sps-kadan.cz\">vchernat@sps-kadan.cz<\/a><\/td><\/tr><tr><td>Mgr. Romana Chorv\u00e1thov\u00e1&nbsp;<\/td><td><a href=\"mailto:rchorvathova@sps-kadan.cz\">rchorvathova@sps-kadan.cz<\/a><\/td><\/tr><tr><td>Ing. Miroslava Je\u017ekov\u00e1<\/td><td><a href=\"mailto:jezkova.m@sps-kadan.cz\">mjezkova@sps-kada<\/a><a href=\"mailto:mjezkova@sps-kadan.cz\">n.cz<\/a><\/td><\/tr><tr><td>Ing. Barbora Kocourkov\u00e1&nbsp;<\/td><td><a href=\"mailto:bkocourkova@sps-kadan.cz\">bkocourkova@sps-kadan.cz<\/a><\/td><\/tr><tr><td>Ing. Helena Krausov\u00e1<\/td><td><a href=\"mailto:hkrausova@sps-kadan.cz\">hkrausova@sps-kadan.cz<\/a><\/td><\/tr><tr><td>Ing. Monika Kuncov\u00e1&nbsp;<\/td><td><a href=\"mailto:mkuncova@sps-kadan.cz\">mkuncova@sps-kadan.cz<\/a><\/td><\/tr><tr><td>Bc. Aneta L\u00e9dlov\u00e1<\/td><td><a href=\"mailto:aledlova@sps-kadan.cz\">aledlova@sps-kadan.cz<\/a><\/td><\/tr><tr><td>Bc. Mark\u00e9ta Mesman<\/td><td><a href=\"mailto:mmesman@sps-kadan.cz\">mmesman@sps-kadan.cz<\/a><\/td><\/tr><tr><td>Bc. Daniel Nov\u00e1k&nbsp;<\/td><td><a href=\"mailto:dnovak@sps-kadan.cz\">dnovak@sps-kadan.cz<\/a><\/td><\/tr><tr><td>Ing. \u0160\u00e1rka Pelcov\u00e1&nbsp;<\/td><td><a href=\"mailto:pelcova.s@sps-kadan.cz\">spelc<\/a><a href=\"mailto:spelcova@sps-kadan.cz\">ova@sps-kadan.cz<\/a><\/td><\/tr><tr><td>Ing. Josef Perout&nbsp;<\/td><td><a href=\"mailto:jperout@sps-kadan.cz\">jperout@sps-kadan.cz<\/a><\/td><\/tr><tr><td>Ing. Jaroslava Pe\u0161tukov\u00e1&nbsp;<\/td><td><a href=\"mailto:pestukova.j@sps-kadan.cz\">j<\/a><a href=\"mailto:jpestukova@sps-kadan.cz\">pestukova@sps-kadan.cz<\/a><\/td><\/tr><tr><td>Ing. arch. Peter Pje\u0161\u010d\u00e1k&nbsp;<\/td><td><a href=\"mailto:ppjescak@sps-kadan.cz\">ppjescak@sps-kadan.cz<\/a><\/td><\/tr><tr><td>Bc. Marie Pra\u0161nick\u00e1<\/td><td><a href=\"mailto:mprasnicka@sps-kadan.cz\">mprasnicka@sps-kadan.cz<\/a><\/td><\/tr><tr><td>Mgr. Ivana Schindlerov\u00e1&nbsp;<\/td><td><a href=\"mailto:ischindlerova@sps-kadan.cz\">ischindlerova@sps-kadan.cz<\/a><\/td><\/tr><tr><td>Mgr. Michal Stejskal<\/td><td><a href=\"mailto:mstejskal@sps-kadan.cz\">mstejskal@sps-kadan.cz<\/a><\/td><\/tr><tr><td>Ing. Tereza Strejcov\u00e1<\/td><td><a href=\"mailto:tstrejcova@sps-kadan.cz\">tstrejcova@sps-kadan.cz<\/a><\/td><\/tr><tr><td>Ing. Mark\u00e9ta \u0160korpilov\u00e1<\/td><td><a href=\"mailto:mskorpilova@sps-kadan.cz\">mskorpilova@sps-kadan.cz<\/a><\/td><\/tr><tr><td>Mgr. Bc. Martina Tothov\u00e1<\/td><td><a href=\"mailto:mtothova@sps-kadan.cz\">mtothova@sps-kadan.cz<\/a><\/td><\/tr><tr><td> Ing. Mgr. Daniel Toth  Dr. PhD<\/td><td><a href=\"mailto:dtoth@sps-kadan.cz\">dtoth@sps-kadan.cz<\/a><\/td><\/tr><tr><td>Ing. Vladim\u00edra V\u00e1gnerov\u00e1&nbsp;<\/td><td><a href=\"mailto:vvagnerova@sps-kadan.cz\">vvagnerova@sps-kadan.cz<\/a><\/td><\/tr><tr><td>Mgr. Iva Zachov\u00e1&nbsp;<\/td><td><a href=\"mailto:izachova@sps-kadan.cz\">izachova@sps-kadan.cz<\/a><\/td><\/tr><\/tbody><\/table><\/figure>\n","protected":false},"excerpt":{"rendered":"<p>\u0158editel \u0161koly Ing. Zde\u0148ka Sob\u011bslavov\u00e1 zsobeslavova@sps-kadan.cz Z\u00e1stupce \u0159editele \u0161koly Mgr. Monika Synkov\u00e1 msynkova@sps-kadan.cz Pedagogick\u00fd sbor 2024\/2025 u\u010ditel\u00e9 Ing. Lenka Bene\u0161ov\u00e1&nbsp; lbenesova@sps-kadan.cz Mgr. Ji\u0159\u00ed Bla\u017eka jblazka@sps-kadan.cz <a class=\"more-link\" href=\"https:\/\/www.sps-kadan.cz\/?page_id=141\">Cel\u00fd \u010dl\u00e1nek  <span class=\"screen-reader-text\">  Pedagogick\u00fd sbor<\/span><span class=\"meta-nav\">&rarr;<\/span><\/a><\/p>\n","protected":false},"author":6,"featured_media":0,"parent":2395,"menu_order":0,"comment_status":"closed","ping_status":"closed","template":"","meta":[],"_links":{"self":[{"href":"https:\/\/www.sps-kadan.cz\/index.php?rest_route=\/wp\/v2\/pages\/141"}],"collection":[{"href":"https:\/\/www.sps-kadan.cz\/index.php?rest_route=\/wp\/v2\/pages"}],"about":[{"href":"https:\/\/www.sps-kadan.cz\/index.php?rest_route=\/wp\/v2\/types\/page"}],"author":[{"embeddable":true,"href":"https:\/\/www.sps-kadan.cz\/index.php?rest_route=\/wp\/v2\/users\/6"}],"replies":[{"embeddable":true,"href":"https:\/\/www.sps-kadan.cz\/index.php?rest_route=%2Fwp%2Fv2%2Fcomments&post=141"}],"version-history":[{"count":42,"href":"https:\/\/www.sps-kadan.cz\/index.php?rest_route=\/wp\/v2\/pages\/141\/revisions"}],"predecessor-version":[{"id":8828,"href":"https:\/\/www.sps-kadan.cz\/index.php?rest_route=\/wp\/v2\/pages\/141\/revisions\/8828"}],"up":[{"embeddable":true,"href":"https:\/\/www.sps-kadan.cz\/index.php?rest_route=\/wp\/v2\/pages\/2395"}],"wp:attachment":[{"href":"https:\/\/www.sps-kadan.cz\/index.php?rest_route=%2Fwp%2Fv2%2Fmedia&parent=141"}],"curies":[{"name":"wp","href":"https:\/\/api.w.org\/{rel}","templated":true}]}}