{"id":152,"date":"2015-01-13T18:04:59","date_gmt":"2015-01-13T17:04:59","guid":{"rendered":"http:\/\/www.sps-kadan.cz\/?page_id=152"},"modified":"2023-03-30T07:09:43","modified_gmt":"2023-03-30T06:09:43","slug":"akce","status":"publish","type":"page","link":"https:\/\/www.sps-kadan.cz\/?page_id=152","title":{"rendered":"MP Akce"},"content":{"rendered":"\n<p><strong>\u201eNejde jen o prsa, jde o \u017eivot!\u201c<\/strong><\/p>\n\n\n\n<p>V\u00a0p\u00e1tek 24. 3. 2023 se z\u00fa\u010dastnily \u017e\u00e1kyn\u011b t\u0159et\u00edho ro\u010dn\u00edku eduka\u010dn\u00edho projektu, jeho\u017e c\u00edlem je edukace \u017e\u00e1ky\u0148 a \u017e\u00e1k\u016f st\u0159edn\u00edch \u0161kol v r\u00e1mci osv\u011bty a zdravotn\u00ed gramotnosti. Na\u0161\u00ed eduk\u00e1torkou byla Ing. Zuzana Z\u00e1tkov\u00e1, kter\u00e1 je jednou z\u00a0Bellisek &#8211; Bellis je projekt Aliance \u017een s rakovinou prsu, o.p.s. Hodinov\u00e1 beseda za\u010dala teoretickou \u010d\u00e1st\u00ed, na kterou nav\u00e1zala videa s uk\u00e1zkami o prov\u00e1d\u011bn\u00ed samovy\u0161et\u0159ov\u00e1n\u00ed a n\u00e1sledoval praktick\u00fd n\u00e1cvik t\u00e9to techniky na eduka\u010dn\u00edm modelu prsn\u00edho fantomu. C\u00edlem edukace bylo zd\u016fraznit, jak je d\u016fle\u017eit\u00e1 prevence v boji proti rakovin\u011b prsu.<\/p>\n\n\n\n<figure class=\"wp-block-image size-large\"><img loading=\"lazy\" width=\"700\" height=\"315\" src=\"https:\/\/www.sps-kadan.cz\/wp-content\/uploads\/2023\/03\/image-3-700x315.png\" alt=\"\" class=\"wp-image-7229\" srcset=\"https:\/\/www.sps-kadan.cz\/wp-content\/uploads\/2023\/03\/image-3-700x315.png 700w, https:\/\/www.sps-kadan.cz\/wp-content\/uploads\/2023\/03\/image-3-200x90.png 200w, https:\/\/www.sps-kadan.cz\/wp-content\/uploads\/2023\/03\/image-3-150x67.png 150w, https:\/\/www.sps-kadan.cz\/wp-content\/uploads\/2023\/03\/image-3.png 727w\" sizes=\"(max-width: 700px) 100vw, 700px\" \/><\/figure>\n\n\n\n<figure class=\"wp-block-image size-large\"><img loading=\"lazy\" width=\"700\" height=\"315\" src=\"https:\/\/www.sps-kadan.cz\/wp-content\/uploads\/2023\/03\/image-4-700x315.png\" alt=\"\" class=\"wp-image-7230\" srcset=\"https:\/\/www.sps-kadan.cz\/wp-content\/uploads\/2023\/03\/image-4-700x315.png 700w, https:\/\/www.sps-kadan.cz\/wp-content\/uploads\/2023\/03\/image-4-200x90.png 200w, https:\/\/www.sps-kadan.cz\/wp-content\/uploads\/2023\/03\/image-4-150x67.png 150w, https:\/\/www.sps-kadan.cz\/wp-content\/uploads\/2023\/03\/image-4.png 729w\" sizes=\"(max-width: 700px) 100vw, 700px\" \/><\/figure>\n\n\n<p>\u00a0<\/p>\n<p><strong>Prim\u00e1rn\u00ed prevence v\u00a0prvn\u00edm ro\u010dn\u00edku<\/strong><\/p>\n<p>\u017d\u00e1ci oboru Stavebnictv\u00ed v prvn\u00edm pololet\u00ed absolvuj\u00ed program prim\u00e1rn\u00ed prevence, kter\u00fd je zam\u011b\u0159en na prohlouben\u00ed dosavadn\u00edch znalost\u00ed a z\u00edsk\u00e1n\u00ed nov\u00fdch. Je slo\u017een ze \u010dty\u0159 blok\u016f \u2013 Sezn\u00e1men\u00ed, Leg\u00e1ln\u00ed, p\u0159esto nebezpe\u010dn\u00e9, Zodpov\u00edd\u00e1m s\u00e1m za sebe aneb \u201eJak\u00fd si to ud\u011bl\u00e1m, takov\u00fd to m\u00e1m\u201c a Extr\u00e9mn\u011b extr\u00e9mn\u00ed. \u017d\u00e1ci jsou v prvn\u00edm ro\u010dn\u00edku, m\u011bli by se poznat, vytvo\u0159it t\u0159\u00eddn\u00ed hierarchii, za\u010d\u00edt spolu komunikovat, neb\u00e1t se vyj\u00e1d\u0159it sv\u016fj n\u00e1zor a z dan\u00fdch t\u00e9mat z\u00edskat co nejv\u00edce informac\u00ed. Program je veden zku\u0161en\u00fdmi lektory a \u017e\u00e1k\u016fm pod\u00e1v\u00e1n formou her a diskuse.<\/p>\n<p>\u00a0<\/p>\n<p style=\"text-align: center;\">\u00a0<\/p>\n\n\n<figure class=\"wp-block-image\"><img loading=\"lazy\" width=\"700\" height=\"525\" src=\"https:\/\/www.sps-kadan.cz\/wp-content\/uploads\/2019\/12\/pp3-1-700x525.jpg\" alt=\"\" class=\"wp-image-5704\" srcset=\"https:\/\/www.sps-kadan.cz\/wp-content\/uploads\/2019\/12\/pp3-1-700x525.jpg 700w, https:\/\/www.sps-kadan.cz\/wp-content\/uploads\/2019\/12\/pp3-1-150x113.jpg 150w, https:\/\/www.sps-kadan.cz\/wp-content\/uploads\/2019\/12\/pp3-1-200x150.jpg 200w, https:\/\/www.sps-kadan.cz\/wp-content\/uploads\/2019\/12\/pp3-1-768x576.jpg 768w\" sizes=\"(max-width: 700px) 100vw, 700px\" \/><\/figure>\n\n\n\n<figure class=\"wp-block-image\"><img loading=\"lazy\" width=\"700\" height=\"525\" src=\"https:\/\/www.sps-kadan.cz\/wp-content\/uploads\/2019\/12\/pp4-1-700x525.jpg\" alt=\"\" class=\"wp-image-5705\" srcset=\"https:\/\/www.sps-kadan.cz\/wp-content\/uploads\/2019\/12\/pp4-1-700x525.jpg 700w, https:\/\/www.sps-kadan.cz\/wp-content\/uploads\/2019\/12\/pp4-1-150x113.jpg 150w, https:\/\/www.sps-kadan.cz\/wp-content\/uploads\/2019\/12\/pp4-1-200x150.jpg 200w, https:\/\/www.sps-kadan.cz\/wp-content\/uploads\/2019\/12\/pp4-1-768x576.jpg 768w\" sizes=\"(max-width: 700px) 100vw, 700px\" \/><\/figure>\n\n\n\n<figure class=\"wp-block-image\"><img loading=\"lazy\" width=\"700\" height=\"525\" src=\"https:\/\/www.sps-kadan.cz\/wp-content\/uploads\/2019\/12\/pp-1-700x525.jpg\" alt=\"\" class=\"wp-image-5703\" srcset=\"https:\/\/www.sps-kadan.cz\/wp-content\/uploads\/2019\/12\/pp-1-700x525.jpg 700w, https:\/\/www.sps-kadan.cz\/wp-content\/uploads\/2019\/12\/pp-1-150x113.jpg 150w, https:\/\/www.sps-kadan.cz\/wp-content\/uploads\/2019\/12\/pp-1-200x150.jpg 200w, https:\/\/www.sps-kadan.cz\/wp-content\/uploads\/2019\/12\/pp-1-768x576.jpg 768w\" sizes=\"(max-width: 700px) 100vw, 700px\" \/><\/figure>\n\n\n\n<p><strong>\u010cerven\u00e1\nstu\u017eka<\/strong><\/p>\n\n\n\n<p>Na\u0161e \u0161kola se i letos p\u0159ipojila k&nbsp;osv\u011btov\u00e9 a informa\u010dn\u00ed kampani \u010cerven\u00e1 stu\u017eka, kterou po\u0159\u00e1d\u00e1 Spole\u010dnost pro pl\u00e1nov\u00e1n\u00ed rodiny a sexu\u00e1ln\u00ed v\u00fdchovu a \u010cesk\u00e1 spole\u010dnost AIDS pomoc. <br>1. prosinec&nbsp; je vyhl\u00e1\u0161en Sv\u011btov\u00fdm dnem boje proti AIDS. V&nbsp;tento den \u017e\u00e1ci na\u0161\u00ed \u0161koly Zbyn\u011bk Bl\u00e1ha, Filip Petr\u00e1\u0148, Barbora Gossov\u00e1 a Kate\u0159ina Halbichov\u00e1 prod\u00e1vali symbol kampan\u011b \u2013 \u010dervenou stu\u017eku a rozd\u00e1vali let\u00e1ky s&nbsp;informacemi a kontakty na instituce, kter\u00e9 se touto problematikou zab\u00fdvaj\u00ed. Z\u00edskan\u00e9 finan\u010dn\u00ed prost\u0159edky budou pou\u017eity na provoz Domu sv\u011btla, na prevenci ve \u0161kol\u00e1ch, na bezplatn\u00e9 testov\u00e1n\u00ed, na pomoc HIV pozitivn\u00edm \u2026\u2026  <br>D\u011bkujeme \u017e\u00e1k\u016fm za aktivitu. Je dobr\u00e9, \u017ee i mlad\u00e1 generace si uv\u011bdomuje nebezpe\u010d\u00ed, kter\u00e9 je s&nbsp;touto nemoc\u00ed spjato a nen\u00ed v\u016f\u010di n\u011bmu lhostejn\u00e1. <\/p>\n\n\n\n<p><strong>V\u00fdchovn\u00fd\n\u00fastav P\u0161ov<\/strong><\/p>\n\n\n\n<p>V listopadu \u017e\u00e1ci druh\u00fdch ro\u010dn\u00edk\u016f nav\u0161t\u00edvili V\u00fdchovn\u00fd \u00fastav a st\u0159edisko v\u00fdchovn\u00e9 p\u00e9\u010de P\u0161ov v&nbsp;r\u00e1mci prim\u00e1rn\u00ed prevence.  <br>Tato n\u00e1v\u0161t\u011bva nav\u00e1zala na p\u0159edn\u00e1\u0161ku \u0159editele \u00fastavu PhDr. Savy Arabad\u017eieva, kter\u00fd v lo\u0148sk\u00e9m \u0161koln\u00edm roce ve t\u0159\u00edd\u00e1ch p\u0159edn\u00e1\u0161el na t\u00e9ma \u0161ikana.<br>Jedn\u00e1 se o &nbsp;etopedick\u00e9 za\u0159\u00edzen\u00ed, kter\u00e9 se specializuje nejenom na realizaci \u00fastavn\u00ed nebo ochrann\u00e9&nbsp;v\u00fdchovy, ale tak\u00e9 na l\u00e9\u010dbu z\u00e1vislostn\u00edho chov\u00e1n\u00ed v r\u00e1mci&nbsp;<a href=\"http:\/\/vupsov.cz\/nabidka.php#vychovne_lecebny_program\" class=\"broken_link\">V\u00fdchovn\u011b l\u00e9\u010debn\u00e9ho programu<\/a>.   <br>Jsou zde chlapci ve v\u011bku 16 \u2013 18 let, po prodlou\u017een\u00ed \u00daV nebo OV do 19 let, chlapci, kte\u0159\u00ed nemaj\u00ed z\u00e1jem o studium, nebo z&nbsp;ur\u010dit\u00fdch d\u016fvod\u016f nejsou ve st\u0159edo\u0161kolsk\u00e9m vzd\u011bl\u00e1n\u00ed schopni pokra\u010dovat. Jedn\u00e1 se o v\u00fdchovn\u00fd \u00fastav, kter\u00fd nem\u00e1 charakter \u0161koly.  <br>Hlavn\u00edm \u00fakolem je vytvo\u0159en\u00ed pracovn\u00edch n\u00e1vyk\u016f u t\u011bchto d\u011bt\u00ed, zodpov\u011bdnosti a p\u0159ipravit je na za\u010dlen\u011bn\u00ed se do budouc\u00edho \u017eivota.  <br>Nejd\u0159\u00edve n\u00e1m vychovatel\u00e9 vysv\u011btlili funkci \u00fastavu, d\u016fvody, kter\u00e9 vedou k&nbsp;za\u0159azen\u00ed do \u00fastavu a mo\u017enosti, kter\u00e9 uleh\u010duj\u00ed \u017eivot v&nbsp;za\u0159\u00edzen\u00ed. Potom jsme m\u011bli mo\u017enost shl\u00e9dnout objekty, ve kter\u00fdch jsou chlapci&nbsp; ubytov\u00e1ni, j\u00eddelnu i pracovn\u00ed d\u00edlny. P\u0159ekvapilo n\u00e1s velmi stroh\u00e9, ale \u00fa\u010deln\u00e9 za\u0159\u00edzen\u00ed. Dozv\u011bd\u011bli jsme se cel\u00fd denn\u00ed re\u017eim, kter\u00fd se p\u0159ev\u00e1\u017en\u011b skl\u00e1d\u00e1 z&nbsp;pracovn\u00ed \u010dinnosti. Pro na\u0161e \u017e\u00e1ky bylo zcela nepochopiteln\u00e9, \u017ee chv\u00edle str\u00e1ven\u00e9 v&nbsp;posilovn\u011b jsou jen za odm\u011bnu a to je\u0161t\u011b po umyt\u00ed podlahy a na\u0161t\u00edp\u00e1n\u00ed dvou kole\u010dek d\u0159\u00edv\u00ed.  <br>Cel\u00e1 exkurze byla dopln\u011bna p\u0159\u00edb\u011bhy ze \u017eivota a snad i d\u00edky nim na\u0161i \u017e\u00e1ci pochopili, \u017ee tomuto za\u0159\u00edzen\u00ed je lep\u0161\u00ed se vyhnout. V\u017edy\u0165 takov\u00e9 v\u011bci jako je vlastn\u00ed pokoj, mo\u017enost kdykoliv se proj\u00edt, zahr\u00e1t si na PC, je v&nbsp;tomto \u00fastavu v\u011bc\u00ed jen t\u011b\u017eko nebo v\u016fbec z\u00edskatelnou.   <br>Mysl\u00edm, \u017ee tato exkurze m\u011bla velk\u00fd v\u00fdznam v&nbsp;uv\u011bdom\u011bn\u00ed si \u017eivotn\u00edch priorit. <\/p>\n\n\n\n<p><strong>\u0160ikana a co\no n\u00ed v\u016fbec v\u00edme<\/strong><\/p>\n\n\n\n<p>Dne 9. 12. 2019 prob\u011bhla v&nbsp;r\u00e1mci prim\u00e1rn\u00ed prevence pro prvn\u00ed ro\u010dn\u00edky p\u0159edn\u00e1\u0161ka na t\u00e9ma \u0160ikana. Vedl j\u00ed speci\u00e1ln\u00ed pedagog a psychoterapeut PhDr. S\u00e1va Arabad\u017eiev, kter\u00fd je z\u00e1rove\u0148 i \u0159editelem V\u00fdchovn\u00e9ho \u00fastavu a st\u0159ediska v\u00fdchovn\u00e9 p\u00e9\u010de P\u0161ov. T\u00e9ma v&nbsp;dne\u0161n\u00ed dob\u011b velmi diskutovan\u00e9 bylo pod\u00e1no srozumitelnou, a p\u0159\u00edb\u011bhy z&nbsp;praxe dopln\u011bnou, formou. <br>\u017d\u00e1ci byli sezn\u00e1meni se z\u00e1kladn\u00edmi pojmy, projevy \u0161ikany, pr\u00e1vn\u00edmi d\u016fsledky a v&nbsp;neposledn\u00ed \u0159ad\u011b i kontakty, kam se obr\u00e1tit v&nbsp;p\u0159\u00edpad\u011b, \u017ee jsou ob\u011bt\u00ed \u0161ikany, nebo maj\u00ed podez\u0159en\u00ed, \u017ee byli sv\u011bdky \u0161ikany.  <br>Akce je ji\u017e ned\u00edlnou sou\u010d\u00e1st\u00ed prim\u00e1rn\u00ed prevence na na\u0161\u00ed \u0161kole a voln\u011b pokra\u010duje v&nbsp;druh\u00e9m ro\u010dn\u00edku n\u00e1v\u0161t\u011bvou V\u00fdchovn\u00e9ho \u00fastavu a st\u0159ediska v\u00fdchovn\u00e9 p\u00e9\u010de P\u0161ov.  <br>V\u0161em \u017e\u00e1k\u016fm d\u011bkuji za pr\u016fb\u011bh akce a dotazy, kter\u00fdch nebylo m\u00e1lo. <\/p>\n","protected":false},"excerpt":{"rendered":"<p>\u201eNejde jen o prsa, jde o \u017eivot!\u201c V\u00a0p\u00e1tek 24. 3. 2023 se z\u00fa\u010dastnily \u017e\u00e1kyn\u011b t\u0159et\u00edho ro\u010dn\u00edku eduka\u010dn\u00edho projektu, jeho\u017e c\u00edlem je edukace \u017e\u00e1ky\u0148 a \u017e\u00e1k\u016f <a class=\"more-link\" href=\"https:\/\/www.sps-kadan.cz\/?page_id=152\">Cel\u00fd \u010dl\u00e1nek  <span class=\"screen-reader-text\">  MP Akce<\/span><span class=\"meta-nav\">&rarr;<\/span><\/a><\/p>\n","protected":false},"author":6,"featured_media":0,"parent":145,"menu_order":0,"comment_status":"closed","ping_status":"closed","template":"","meta":[],"_links":{"self":[{"href":"https:\/\/www.sps-kadan.cz\/index.php?rest_route=\/wp\/v2\/pages\/152"}],"collection":[{"href":"https:\/\/www.sps-kadan.cz\/index.php?rest_route=\/wp\/v2\/pages"}],"about":[{"href":"https:\/\/www.sps-kadan.cz\/index.php?rest_route=\/wp\/v2\/types\/page"}],"author":[{"embeddable":true,"href":"https:\/\/www.sps-kadan.cz\/index.php?rest_route=\/wp\/v2\/users\/6"}],"replies":[{"embeddable":true,"href":"https:\/\/www.sps-kadan.cz\/index.php?rest_route=%2Fwp%2Fv2%2Fcomments&post=152"}],"version-history":[{"count":32,"href":"https:\/\/www.sps-kadan.cz\/index.php?rest_route=\/wp\/v2\/pages\/152\/revisions"}],"predecessor-version":[{"id":7231,"href":"https:\/\/www.sps-kadan.cz\/index.php?rest_route=\/wp\/v2\/pages\/152\/revisions\/7231"}],"up":[{"embeddable":true,"href":"https:\/\/www.sps-kadan.cz\/index.php?rest_route=\/wp\/v2\/pages\/145"}],"wp:attachment":[{"href":"https:\/\/www.sps-kadan.cz\/index.php?rest_route=%2Fwp%2Fv2%2Fmedia&parent=152"}],"curies":[{"name":"wp","href":"https:\/\/api.w.org\/{rel}","templated":true}]}}