{"id":1760,"date":"2015-01-18T12:59:01","date_gmt":"2015-01-18T11:59:01","guid":{"rendered":"http:\/\/www.sps-kadan.cz\/?page_id=1760"},"modified":"2015-01-30T12:02:59","modified_gmt":"2015-01-30T11:02:59","slug":"dotykova-zarizeni-ve-vyuce","status":"publish","type":"page","link":"https:\/\/www.sps-kadan.cz\/?page_id=1760","title":{"rendered":"Dotykov\u00e1 za\u0159\u00edzen\u00ed ve v\u00fduce"},"content":{"rendered":"<p>Realizace projektu: 09\/2014 &#8211; 07\/2015<\/p>\n<p>OP VK, 1.3, 2014-2015<\/p>\n<h3>\n<img loading=\"lazy\" src=\"\/wp-content\/uploads\/2015\/01\/logo_copy-300x249.png\" alt=\"logo_copy\" width=\"300\" height=\"249\" class=\"aligncenter size-medium wp-image-1780\" \/><\/p>\n<p><img loading=\"lazy\" src=\"\/wp-content\/uploads\/2015\/01\/logo_1-300x81.png\" alt=\"logo_1\" width=\"300\" height=\"81\" class=\"aligncenter size-medium wp-image-1781\" \/><\/p>\n<\/h3>\n<p>C\u00edlem projektu je dal\u0161\u00ed vzd\u011bl\u00e1v\u00e1n\u00ed pedagogick\u00fdch pracovn\u00edk\u016f v oblasti modern\u00edch dotykov\u00fdch technologi\u00ed a jejichvyu\u017eit\u00ed p\u0159i v\u00fduce na 44 Z\u0160 a S\u0160 v \u00dasteck\u00e9m a Libereck\u00e9m kraji. Projekt bude rozvr\u017een do 4 kl\u00ed\u010dov\u00fdch aktivit:prvn\u00ed aktivita bude zam\u011b\u0159ena na podporu pedagog\u016f formou asistence p\u0159i pedagogick\u00fdch a technick\u00fdchprobl\u00e9mech s vyu\u017eit\u00edm ICT ve v\u00fduce (sou\u010d\u00e1st\u00ed bude vzd\u011bl\u00e1v\u00e1n\u00ed \u0159editel\u016f ve vyu\u017e\u00edv\u00e1n\u00ed dig. technologi\u00ed pro integraciICT do \u017eivota \u0161koly a z\u0159\u00edzen\u00ed pozice Metodika ICT na \u0161kole). Druh\u00e1 aktivita bude zam\u011b\u0159ena na voliteln\u00e9vzd\u011bl\u00e1v\u00e1n\u00ed pedagogick\u00fdch pracovn\u00edk\u016f k integraci ICT do v\u00fduky se zam\u011b\u0159en\u00edm na technologie, kter\u00e9 \u0161koly ji\u017emaj\u00ed, kter\u00e9 si v r\u00e1mci projektu po\u0159\u00edd\u00ed (nap\u0159. tablety) a vyu\u017eit\u00ed ICT v oborov\u00fdch didaktik\u00e1ch. T\u0159et\u00ed aktivita budezam\u011b\u0159ena vytvo\u0159en\u00ed softwarov\u00e9 platformy pro didaktick\u00e9 \u00fa\u010dely. \u010ctvrt\u00e1 aktivita bude v\u011bnov\u00e1na evaluaci dopaduprojektu. Do projektu je zapojeno celkem 14 Z\u0160 do 200 \u017e\u00e1k\u016f, tvo\u0159\u00ed 35,89 % z po\u010dtu Z\u0160. Projekt je realizov\u00e1n vr\u00e1mci P\u0159F a PF UJEP.<\/p>\n","protected":false},"excerpt":{"rendered":"<p>Realizace projektu: 09\/2014 &#8211; 07\/2015 OP VK, 1.3, 2014-2015 C\u00edlem projektu je dal\u0161\u00ed vzd\u011bl\u00e1v\u00e1n\u00ed pedagogick\u00fdch pracovn\u00edk\u016f v oblasti modern\u00edch dotykov\u00fdch technologi\u00ed a jejichvyu\u017eit\u00ed p\u0159i v\u00fduce <a class=\"more-link\" href=\"https:\/\/www.sps-kadan.cz\/?page_id=1760\">Cel\u00fd \u010dl\u00e1nek  <span class=\"screen-reader-text\">  Dotykov\u00e1 za\u0159\u00edzen\u00ed ve v\u00fduce<\/span><span class=\"meta-nav\">&rarr;<\/span><\/a><\/p>\n","protected":false},"author":6,"featured_media":0,"parent":232,"menu_order":0,"comment_status":"closed","ping_status":"closed","template":"","meta":[],"_links":{"self":[{"href":"https:\/\/www.sps-kadan.cz\/index.php?rest_route=\/wp\/v2\/pages\/1760"}],"collection":[{"href":"https:\/\/www.sps-kadan.cz\/index.php?rest_route=\/wp\/v2\/pages"}],"about":[{"href":"https:\/\/www.sps-kadan.cz\/index.php?rest_route=\/wp\/v2\/types\/page"}],"author":[{"embeddable":true,"href":"https:\/\/www.sps-kadan.cz\/index.php?rest_route=\/wp\/v2\/users\/6"}],"replies":[{"embeddable":true,"href":"https:\/\/www.sps-kadan.cz\/index.php?rest_route=%2Fwp%2Fv2%2Fcomments&post=1760"}],"version-history":[{"count":1,"href":"https:\/\/www.sps-kadan.cz\/index.php?rest_route=\/wp\/v2\/pages\/1760\/revisions"}],"predecessor-version":[{"id":2861,"href":"https:\/\/www.sps-kadan.cz\/index.php?rest_route=\/wp\/v2\/pages\/1760\/revisions\/2861"}],"up":[{"embeddable":true,"href":"https:\/\/www.sps-kadan.cz\/index.php?rest_route=\/wp\/v2\/pages\/232"}],"wp:attachment":[{"href":"https:\/\/www.sps-kadan.cz\/index.php?rest_route=%2Fwp%2Fv2%2Fmedia&parent=1760"}],"curies":[{"name":"wp","href":"https:\/\/api.w.org\/{rel}","templated":true}]}}