{"id":191,"date":"2015-01-13T18:50:22","date_gmt":"2015-01-13T17:50:22","guid":{"rendered":"http:\/\/www.sps-kadan.cz\/?page_id=191"},"modified":"2020-01-10T13:47:39","modified_gmt":"2020-01-10T12:47:39","slug":"archicad","status":"publish","type":"page","link":"https:\/\/www.sps-kadan.cz\/?page_id=191","title":{"rendered":"ArchiCAD"},"content":{"rendered":"<p><strong>Pr\u00e1ce s\u00a0grafick\u00fdmi programy na stavebn\u00ed pr\u016fmyslovce &#8211; celost\u00e1tn\u00ed sout\u011b\u017e pr\u016fmyslov\u00fdch \u0161kol stavebn\u00edch s mezin\u00e1rodn\u00ed \u00fa\u010dast\u00ed (HL)\u00a0 <\/strong><strong>&#8211; <\/strong>21. 3. 2019, \u010cesk\u00e9 Bud\u011bjovice<\/p>\n<p>Do jiho\u010desk\u00e9 metropole na 18. ro\u010dn\u00edk sout\u011b\u017ee zav\u00edtali sout\u011b\u017e\u00edc\u00ed z 26 \u0161kol z \u010cech a Moravy a\u00a02 \u0161koly ze Slovenska.\u00a0 Na\u0161i \u0161kolu reprezentovali \u017e\u00e1ci oboru stavebnictv\u00ed Vojt\u011bch K\u016frka a Radek Dosko\u010dil ze 3. A. V\u00a0kone\u010dn\u00e9m po\u0159ad\u00ed obsadil Radek Dosko\u010dil 26. m\u00edsto a\u00a0Vojt\u011bch K\u016frka 28. m\u00edsto. V\u00edt\u011bzstv\u00ed si odnesl z\u00e1stupce ze St\u0159edn\u00ed pr\u016fmyslov\u00e9 \u0161koly stavebn\u00ed,\u00a0 Ostrava.<\/p>\n<p><strong>Pr\u00e1ce s\u00a0grafick\u00fdmi programy na stavebn\u00ed pr\u016fmyslovce &#8211; celost\u00e1tn\u00ed sout\u011b\u017e pr\u016fmyslov\u00fdch \u0161kol stavebn\u00edch s mezin\u00e1rodn\u00ed \u00fa\u010dast\u00ed (HL)\u00a0 &#8211; <\/strong>22. 3. 2018, \u010cesk\u00e9 Bud\u011bjovice &#8211; 17. ro\u010dn\u00edk sout\u011b\u017ee, kter\u00e9ho se z\u00fa\u010dastnilo 52 \u017e\u00e1k\u016f z 26 \u0161kol z \u010cech a Moravy a 2 \u0161koly ze\u00a0Slovenska. Na\u0161i \u0161kolu reprezentovali \u017e\u00e1ci oboru stavebnictv\u00ed Daniela Bart\u016f\u0148kov\u00e1 ze 4. A a Filip Odehnal ze 3. SM. V\u00a0kone\u010dn\u00e9m po\u0159ad\u00ed obsadila Daniela Bart\u016f\u0148kov\u00e1 21. m\u00edsto. V\u00edt\u011bzstv\u00ed si odnesl z\u00e1stupce ze SO\u0160 pr\u016fmyslov\u00e1 a SOU stroj\u00edrensk\u00e9 Prost\u011bjov, OLK.<\/p>\n<p style=\"text-align: justify;\"><strong>Pr\u00e1ce s\u00a0grafick\u00fdmi programy na stavebn\u00ed pr\u016fmyslovce &#8211; celost\u00e1tn\u00ed sout\u011b\u017e pr\u016fmyslov\u00fdch \u0161kol stavebn\u00edch s mezin\u00e1rodn\u00ed \u00fa\u010dast\u00ed (HL) &#8211;\u00a0<\/strong>Stejn\u011b jako ka\u017ed\u00fd rok i letos se \u017e\u00e1ci na\u0161\u00ed \u0161koly zapojili do mezin\u00e1rodn\u00ed sout\u011b\u017ee Pr\u00e1ce s\u00a0grafick\u00fdmi programy na stavebn\u00ed pr\u016fmyslovce. Ji\u017e 16. ro\u010dn\u00edk sout\u011b\u017ee, jej\u00edm\u017e po\u0159adatelem je\u00a0 SP\u0160 stavebn\u00ed v \u010cesk\u00fdch Bud\u011bjovic\u00edch, se uskute\u010dnil 23. 3. 2017. Letos do jiho\u010desk\u00e9 metropole zav\u00edtali sout\u011b\u017e\u00edc\u00edch. Sout\u011b\u017ee se z\u00fa\u010dastnilo 52 \u017e\u00e1k\u016f z 24 \u0161kol z \u010cech a Moravy a 2 \u0161koly ze Slovenska. Na\u0161i \u0161kolu reprezentovali \u017e\u00e1ci oboru stavebnictv\u00ed Daniela Bart\u016f\u0148kov\u00e1 ze 3. A a Josef Hajm ze 4.A. V\u00a0kone\u010dn\u00e9m po\u0159ad\u00ed obsadil Josef Hajm kr\u00e1sn\u00e9 9. m\u00edsto. Um\u00edstila se tak\u00e9 Daniela Bart\u016f\u0148kov\u00e1 a to na 22. m\u00edst\u011b. V\u00edt\u011bzstv\u00ed si odnesl z\u00e1stupce ze St\u0159edn\u00ed pr\u016fmyslov\u00e9 \u0161koly a Vy\u0161\u0161\u00ed odborn\u00e9 \u0161koly P\u0159\u00edbram.<\/p>\n<p style=\"text-align: justify;\"><strong>Pr\u00e1ce s\u00a0grafick\u00fdmi programy na stavebn\u00ed pr\u016fmyslovce &#8211; celost\u00e1tn\u00ed sout\u011b\u017e pr\u016fmyslov\u00fdch \u0161kol stavebn\u00edch s mezin\u00e1rodn\u00ed \u00fa\u010dast\u00ed (HL)\u00a0 &#8211; <\/strong>17. 3. 2016, \u010cesk\u00e9 Bud\u011bjovice &#8211; 15. ro\u010dn\u00edk sout\u011b\u017ee \u2013 z\u00fa\u010dastnilo se 64 \u017e\u00e1k\u016f z\u00a032 \u0161kol z\u00a0\u010cech a Moravy a 2 \u0161koly ze Slovenska. Na\u0161i \u0161kolu reprezentovali Josef Hajm (nehodnocen) a Miroslav Naxera, kter\u00fd obsadil 20. m\u00edsto.<\/p>\n<p style=\"text-align: justify;\"><strong>Pr\u00e1ce s\u00a0grafick\u00fdmi programy na stavebn\u00ed pr\u016fmyslovce &#8211; celost\u00e1tn\u00ed sout\u011b\u017e pr\u016fmyslov\u00fdch \u0161kol stavebn\u00edch s mezin\u00e1rodn\u00ed \u00fa\u010dast\u00ed <\/strong>(Ing. L. Hrdinov\u00e1)<strong> &#8211; <\/strong>26. 3. 2015, \u010cesk\u00e9 Bud\u011bjovice &#8211; 14. ro\u010dn\u00edk sout\u011b\u017ee \u2013 z\u00fa\u010dastnilo se 58 \u017e\u00e1k\u016f z\u00a028 \u0161kol z\u00a0\u010cech a Moravy a 1 \u0161koly ze Slovenska. Na\u0161i \u0161kolu reprezentovali Martin Habuda a Michal Weiss, kter\u00fd obsadil 17. m\u00edsto.<\/p>\n<p style=\"text-align: justify;\"><strong>Pr\u00e1ce s\u00a0grafick\u00fdmi programy na stavebn\u00ed pr\u016fmyslovce &#8211; celost\u00e1tn\u00ed sout\u011b\u017e pr\u016fmyslov\u00fdch \u0161kol stavebn\u00edch s mezin\u00e1rodn\u00ed \u00fa\u010dast\u00ed <\/strong>(Ing. L. Hrdinov\u00e1)<strong>\u00a0 <\/strong><strong>&#8211; <\/strong>27.\u00a03.\u00a02014, \u010cesk\u00e9 Bud\u011bjovice &#8211; 13. ro\u010dn\u00edk sout\u011b\u017ee \u2013 z\u00fa\u010dastnilo se 60 \u017e\u00e1k\u016f z\u00a028 \u0161kol z\u00a0\u010cech a Moravy a 2 \u0161koly ze Slovenska. David \u0160m\u00edd obsadil 2. m\u00edsto a Michal Weiss 27. m\u00edsto.<\/p>\n<p style=\"text-align: justify;\"><strong>Pr\u00e1ce s\u00a0grafick\u00fdmi programy na stavebn\u00ed pr\u016fmyslovce &#8211; celost\u00e1tn\u00ed sout\u011b\u017e pr\u016fmyslov\u00fdch \u0161kol stavebn\u00edch s mezin\u00e1rodn\u00ed \u00fa\u010dast\u00ed (HL) \u00a0&#8211; <\/strong>21. 3. 2013, \u010cesk\u00e9 Bud\u011bjovice &#8211; 12. ro\u010dn\u00edk sout\u011b\u017ee \u2013 z\u00fa\u010dastnilo se 54 \u017e\u00e1k\u016f z\u00a025 \u0161kol z\u00a0\u010cech a Moravy a 2 \u0161koly ze Slovenska. V\u00edt\u011bzslav Dani\u0161 obsadil 3. m\u00edsto a David \u0160m\u00edd 9. m\u00edsto.<\/p>\n<p style=\"text-align: justify;\"><strong>Pr\u00e1ce s\u00a0grafick\u00fdmi programy na stavebn\u00ed pr\u016fmyslovce &#8211; celost\u00e1tn\u00ed sout\u011b\u017e pr\u016fmyslov\u00fdch \u0161kol stavebn\u00edch s mezin\u00e1rodn\u00ed \u00fa\u010dast\u00ed (PK) \u00a0&#8211; <\/strong>10. m\u00edsto \u2013 Jan Vitou\u0161, 11. m\u00edsto\u00a0 &#8211; \u0160t\u011bp\u00e1n Krej\u010d\u00edk, 29. 3. 2012, \u010cesk\u00e9 Bud\u011bjovice<\/p>\n<p style=\"text-align: justify;\"><strong>23. a 24. 3. 2011<\/strong> se <a title=\"10.ro\u010dn\u00edk v \u010cB\" href=\"\/wp-content\/uploads\/2015\/01\/Ceske_Budejovice.pdf\" target=\"_blank\" rel=\"noopener noreferrer\">uskute\u010dnil<\/a> <strong>10. ro\u010dn\u00edk s grafick\u00fdmi programy v \u010cesk\u00fdch Bud\u011bjovic\u00edch<\/strong>. B\u011bhem 3 hodin m\u011bli sout\u011b\u017e\u00edc\u00ed vytvo\u0159it prostorov\u00fd model t\u0159\u00edpodla\u017en\u00edho abstraktn\u00edho rodinn\u00e9ho domu a z modelu pak vygenerovat dal\u0161\u00ed grafick\u00e9 p\u0159\u00edlohy. V\u00fdsledek nebyl zcela striktn\u011b po\u017eadov\u00e1n, my\u0161lenkou bylo poskytnout sout\u011b\u017e\u00edc\u00edm prostor pro vlastn\u00ed seberealizaci. <strong>Michal A\u0161enbrenen<\/strong> skon\u010dil na <strong>12. m\u00edst\u011b<\/strong> a <strong>Jan Vitou\u0161<\/strong> na <strong>8. m\u00edst\u011b<\/strong> (z 52 sout\u011b\u017e\u00edc\u00edch z cel\u00e9 \u010cR).<\/p>\n<div id='gallery-1' class='gallery galleryid-191 gallery-columns-2 gallery-size-medium'><figure class='gallery-item'>\n\t\t\t<div class='gallery-icon landscape'>\n\t\t\t\t<a href='https:\/\/www.sps-kadan.cz\/?attachment_id=1647'><img width=\"200\" height=\"150\" src=\"https:\/\/www.sps-kadan.cz\/wp-content\/uploads\/2015\/01\/CB_akce-200x150.jpg\" class=\"attachment-medium size-medium\" alt=\"\" loading=\"lazy\" srcset=\"https:\/\/www.sps-kadan.cz\/wp-content\/uploads\/2015\/01\/CB_akce-200x150.jpg 200w, https:\/\/www.sps-kadan.cz\/wp-content\/uploads\/2015\/01\/CB_akce-300x225.jpg 300w, https:\/\/www.sps-kadan.cz\/wp-content\/uploads\/2015\/01\/CB_akce-700x525.jpg 700w, https:\/\/www.sps-kadan.cz\/wp-content\/uploads\/2015\/01\/CB_akce.jpg 800w\" sizes=\"(max-width: 200px) 100vw, 200px\" \/><\/a>\n\t\t\t<\/div><\/figure><figure class='gallery-item'>\n\t\t\t<div class='gallery-icon landscape'>\n\t\t\t\t<a href='https:\/\/www.sps-kadan.cz\/?attachment_id=1648'><img width=\"200\" height=\"153\" src=\"https:\/\/www.sps-kadan.cz\/wp-content\/uploads\/2015\/01\/CB_pred-200x153.jpg\" class=\"attachment-medium size-medium\" alt=\"\" loading=\"lazy\" srcset=\"https:\/\/www.sps-kadan.cz\/wp-content\/uploads\/2015\/01\/CB_pred-200x153.jpg 200w, https:\/\/www.sps-kadan.cz\/wp-content\/uploads\/2015\/01\/CB_pred-300x229.jpg 300w, https:\/\/www.sps-kadan.cz\/wp-content\/uploads\/2015\/01\/CB_pred-700x534.jpg 700w, https:\/\/www.sps-kadan.cz\/wp-content\/uploads\/2015\/01\/CB_pred.jpg 800w\" sizes=\"(max-width: 200px) 100vw, 200px\" \/><\/a>\n\t\t\t<\/div><\/figure>\n\t\t<\/div>\n\n<p><strong>\u0160koln\u00ed kolo v pr\u00e1ci s grafick\u00fdmi programy<\/strong><\/p>\n<p>Dne 10.2.2011 se v u\u010debn\u011b v\u00fdpo\u010detn\u00ed techniky uskute\u010dnilo \u0161koln\u00ed kolo v pr\u00e1ci s ArchiCADem. \u00da\u010dastnilo se ho 5 \u017e\u00e1ku. Michal A\u0161enbrener a Vojt\u011bch A\u0161enbreneroba ze 4.A, \u0160t\u011bp\u00e1nka Navarov\u00e1 a Jan Vitou\u0161 ze 3.A a \u0160t\u011bp\u00e1n Krej\u010d\u00edk ze 3.MS. Z tohoto kola vze\u0161li dva \u00fa\u010dastn\u00edci celost\u00e1tn\u00edho kola v \u010cesk\u00fdch Bud\u011bjovic\u00edch, kter\u00e9 se bude konat dne 24. 3. 2011.<\/p>\n<p>\u0160kolu by v b\u0159eznu m\u011bli reprezentovat za 4. ro\u010dn\u00edk Michal A\u0161enbrener a za 3. ro\u010dn\u00edk Jan Vitou\u0161, prvn\u00ed n\u00e1hradn\u00edk je \u0160t\u011bp\u00e1n Krej\u010d\u00edk.<\/p>\n<p>Ing. M. Pachol\u00edk<\/p>\n<div id='gallery-2' class='gallery galleryid-191 gallery-columns-2 gallery-size-medium'><figure class='gallery-item'>\n\t\t\t<div class='gallery-icon landscape'>\n\t\t\t\t<a href='https:\/\/www.sps-kadan.cz\/?attachment_id=1649'><img width=\"200\" height=\"143\" src=\"https:\/\/www.sps-kadan.cz\/wp-content\/uploads\/2015\/01\/Asenbrenen-200x143.jpg\" class=\"attachment-medium size-medium\" alt=\"\" loading=\"lazy\" srcset=\"https:\/\/www.sps-kadan.cz\/wp-content\/uploads\/2015\/01\/Asenbrenen-200x143.jpg 200w, https:\/\/www.sps-kadan.cz\/wp-content\/uploads\/2015\/01\/Asenbrenen-300x215.jpg 300w, https:\/\/www.sps-kadan.cz\/wp-content\/uploads\/2015\/01\/Asenbrenen-700x501.jpg 700w, https:\/\/www.sps-kadan.cz\/wp-content\/uploads\/2015\/01\/Asenbrenen.jpg 800w\" sizes=\"(max-width: 200px) 100vw, 200px\" \/><\/a>\n\t\t\t<\/div><\/figure><figure class='gallery-item'>\n\t\t\t<div class='gallery-icon landscape'>\n\t\t\t\t<a href='https:\/\/www.sps-kadan.cz\/?attachment_id=1650'><img width=\"200\" height=\"147\" src=\"https:\/\/www.sps-kadan.cz\/wp-content\/uploads\/2015\/01\/Vitous-200x147.jpg\" class=\"attachment-medium size-medium\" alt=\"\" loading=\"lazy\" aria-describedby=\"gallery-2-1650\" srcset=\"https:\/\/www.sps-kadan.cz\/wp-content\/uploads\/2015\/01\/Vitous-200x147.jpg 200w, https:\/\/www.sps-kadan.cz\/wp-content\/uploads\/2015\/01\/Vitous-300x220.jpg 300w, https:\/\/www.sps-kadan.cz\/wp-content\/uploads\/2015\/01\/Vitous-700x513.jpg 700w, https:\/\/www.sps-kadan.cz\/wp-content\/uploads\/2015\/01\/Vitous.jpg 800w\" sizes=\"(max-width: 200px) 100vw, 200px\" \/><\/a>\n\t\t\t<\/div>\n\t\t\t\t<figcaption class='wp-caption-text gallery-caption' id='gallery-2-1650'>\n\t\t\t\tVitou\u0161\n\t\t\t\t<\/figcaption><\/figure>\n\t\t<\/div>\n\n<p><strong>Dev\u00e1t\u00fd ro\u010dn\u00edk <\/strong>celost\u00e1tn\u00ed sout\u011b\u017ee v\u00a0grafick\u00fdch programech po\u0159\u00e1dan\u00e9 SP\u0160\u00a0stavebn\u00ed v\u00a0\u010cesk\u00fdch\u00a0Bud\u011bjovic\u00edch se letos uskute\u010dnil ve\u00a0dnech<strong>24.\u00a0a\u00a025.\u00a0b\u0159ezna\u00a02010<\/strong>. D\u00edky velk\u00e9mu v\u011bhlasu a\u00a0oblib\u011b t\u00e9to presti\u017en\u00ed sout\u011b\u017ee se tentokr\u00e1t p\u0159ihl\u00e1silo rekordn\u00edch 26\u00a0\u0161kol v\u010detn\u011b \u0161koly z\u00a0Trnavy ze\u00a0Slovensk\u00e9 republiky. Sv\u00e9 s\u00edly ve zru\u010dnosti v\u00a0pou\u017e\u00edv\u00e1n\u00ed\u00a0CAD\u016f tedy zm\u011b\u0159ilo celkem 52\u00a0nejlep\u0161\u00edch \u017e\u00e1k\u016f. Op\u011bt se jednalo o\u00a0vypracov\u00e1n\u00ed \u010d\u00e1ste\u010dn\u00e9 projektov\u00e9 dokumentace rodinn\u00e9ho domu podle zadan\u00e9ho podkladu.<\/p>\n<p>Na\u0161\u00ed \u0161kolu reprezentovali na jihu \u010cech <strong>Michal\u00a0A\u0161enbrener<\/strong> a\u00a0<strong>Radek\u00a0Vacek<\/strong>. Zat\u00edmco Michal ze\u00a03.A tzv. sb\u00edral zku\u0161enosti a\u00a0skon\u010dil na nebodovan\u00e9 pozici, Radek ze\u00a04.A obsadil p\u011bkn\u00e9 <strong>11.\u00a0m\u00edsto<\/strong>.<\/p>\n<div id='gallery-3' class='gallery galleryid-191 gallery-columns-1 gallery-size-medium'><figure class='gallery-item'>\n\t\t\t<div class='gallery-icon portrait'>\n\t\t\t\t<a href='https:\/\/www.sps-kadan.cz\/?attachment_id=1651'><img width=\"170\" height=\"200\" src=\"https:\/\/www.sps-kadan.cz\/wp-content\/uploads\/2015\/01\/ac-170x200.jpg\" class=\"attachment-medium size-medium\" alt=\"\" loading=\"lazy\" srcset=\"https:\/\/www.sps-kadan.cz\/wp-content\/uploads\/2015\/01\/ac-170x200.jpg 170w, https:\/\/www.sps-kadan.cz\/wp-content\/uploads\/2015\/01\/ac-255x300.jpg 255w, https:\/\/www.sps-kadan.cz\/wp-content\/uploads\/2015\/01\/ac-594x700.jpg 594w, https:\/\/www.sps-kadan.cz\/wp-content\/uploads\/2015\/01\/ac.jpg 600w\" sizes=\"(max-width: 170px) 100vw, 170px\" \/><\/a>\n\t\t\t<\/div><\/figure>\n\t\t<\/div>\n\n<p>Po lo\u0148sk\u00e9m p\u0159esv\u011bd\u010div\u00e9m v\u00edt\u011bzstv\u00ed na\u0161\u00ed Lucky\u00a0\u017d\u010f\u00e1rsk\u00e9 se tentokr\u00e1t nejl\u00e9pe s\u00a0\u00fakolem vyrovnal Ond\u0159ej\u00a0Ma\u0161\u00edn z\u00a0P\u0159\u00edbrami, druh\u00e9\u00a0m\u00edsto putuje na Slovensko do\u00a0Trnavy z\u00e1sluhou Juraje\u00a0Hladeje a\u00a0na bronzov\u00e9m stup\u00ednku skon\u010dil Anton\u00edn\u00a0Dvo\u0159\u00e1k z\u00a0Havl\u00ed\u010dkova Brodu.<\/p>\n<p><strong>Osm\u00fd ro\u010dn\u00edk<\/strong> \u201cSout\u011b\u017ee v grafick\u00fdch programech 2009\u201c, po\u0159\u00e1dan\u00fd tradi\u010dn\u011b SP\u0160 stavebn\u00ed v\u00a0\u010cesk\u00fdch Bud\u011bjovic\u00edch m\u011bl letos rekordn\u00ed \u00fa\u010dast. Dne <strong>2.4.2009<\/strong>zm\u011b\u0159ilo sv\u00e9 s\u00edly 46 p\u0159ihl\u00e1\u0161en\u00fdch \u017e\u00e1k\u016f z 23 \u0161kol se stavebn\u00edm zam\u011b\u0159en\u00edm z cel\u00e9 republiky v\u010detn\u011b z\u00e1stupc\u016f ze\u00a0Slovenska. Velik\u00fd z\u00e1jem jen potvrzuje oblibu a presti\u017e, kterou si tato sout\u011b\u017e za uplynul\u00e1 l\u00e9ta z\u00edskala.<\/p>\n<p>Krom\u011b dvou \u017e\u00e1k\u016f v\u0161ichni ostatn\u00ed pracovali v programu ArchiCAD. Sout\u011b\u017e je organizov\u00e1na spole\u010dn\u011b s Centrem pro podporu po\u010d\u00edta\u010dov\u00e9 grafiky \u010cR, s.r.o. a je zah\u00e1jena v podve\u010der sout\u011b\u017en\u00edho dne posezen\u00edm u\u010ditelsk\u00e9ho doprovodu s organiz\u00e1tory sout\u011b\u017ee ohledn\u011b jednak pr\u016fb\u011bhu sout\u011b\u017ee a hlavn\u011b v\u00fdm\u011bny zku\u0161enost\u00ed z v\u00fduky CAD syst\u00e9m\u016f na jednotliv\u00fdch \u0161kol\u00e1ch.<\/p>\n<p>Vlastn\u00ed pr\u00e1ce sout\u011b\u017e\u00edc\u00edch trv\u00e1 180 minut a v t\u00e9to pom\u011brn\u011b kr\u00e1tk\u00e9 dob\u011b maj\u00ed za \u00fakol vypracovat v\u00fdkresovou dokumentaci vybran\u00e9ho rodinn\u00e9ho domku v rozsahu: P\u016fdorys, \u0159ez, pohledy a perspektivn\u00ed zobrazen\u00ed virtu\u00e1ln\u00edho modelu.<\/p>\n<p>\u017de opravdu m\u016f\u017eeme b\u00fdt na sv\u00e9 \u017e\u00e1ky hrdi, to p\u0159i vyhl\u00e1\u0161en\u00ed v\u00fdsledk\u016f konstatovali jak \u0159editel po\u0159\u00e1daj\u00edc\u00ed \u0161koly Ing. J. Vejsada, tak i doc. B. Ko\u0161atka z \u010cVUT Praha, kter\u00fd by dle sv\u00fdch slov r\u00e1d p\u0159iv\u00edtal v\u0161echny sout\u011b\u017e\u00edc\u00ed \u017e\u00e1ky na Stavebn\u00ed fakult\u011b v Praze.<\/p>\n<p>Leto\u0161n\u00ed ro\u010dn\u00edk byl op\u011bt v\u00fdznamn\u00fd pro Kada\u0148, respektive SP\u0160 stavebn\u00ed a Obchodn\u00ed akademii v Kadani. Shodou okolnost\u00ed ji\u017e podruh\u00e9 <strong>absolutn\u011b zv\u00edt\u011bzila<\/strong> \u017e\u00e1kyn\u011b na\u0161\u00ed \u0161koly a to <strong>Lucie<\/strong> <strong>\u017d\u010f\u00e1rsk\u00e1<\/strong> ze 4.A s dosa\u017een\u00fdmi 200 body. Na druh\u00e9m m\u00edst\u011b skon\u010dil \u013dubo\u0161 Drozda z Trnavy (155 bod\u016f) a t\u0159et\u00ed p\u0159\u00ed\u010dka pat\u0159\u00ed Markovi Her\u016fbkovi z Hodon\u00edna se 119 z\u00edskan\u00fdmi body.<\/p>\n","protected":false},"excerpt":{"rendered":"<p>Pr\u00e1ce s\u00a0grafick\u00fdmi programy na stavebn\u00ed pr\u016fmyslovce &#8211; celost\u00e1tn\u00ed sout\u011b\u017e pr\u016fmyslov\u00fdch \u0161kol stavebn\u00edch s mezin\u00e1rodn\u00ed \u00fa\u010dast\u00ed (HL)\u00a0 &#8211; 21. 3. 2019, \u010cesk\u00e9 Bud\u011bjovice Do jiho\u010desk\u00e9 metropole <a class=\"more-link\" href=\"https:\/\/www.sps-kadan.cz\/?page_id=191\">Cel\u00fd \u010dl\u00e1nek  <span class=\"screen-reader-text\">  ArchiCAD<\/span><span class=\"meta-nav\">&rarr;<\/span><\/a><\/p>\n","protected":false},"author":6,"featured_media":0,"parent":178,"menu_order":0,"comment_status":"closed","ping_status":"closed","template":"","meta":[],"_links":{"self":[{"href":"https:\/\/www.sps-kadan.cz\/index.php?rest_route=\/wp\/v2\/pages\/191"}],"collection":[{"href":"https:\/\/www.sps-kadan.cz\/index.php?rest_route=\/wp\/v2\/pages"}],"about":[{"href":"https:\/\/www.sps-kadan.cz\/index.php?rest_route=\/wp\/v2\/types\/page"}],"author":[{"embeddable":true,"href":"https:\/\/www.sps-kadan.cz\/index.php?rest_route=\/wp\/v2\/users\/6"}],"replies":[{"embeddable":true,"href":"https:\/\/www.sps-kadan.cz\/index.php?rest_route=%2Fwp%2Fv2%2Fcomments&post=191"}],"version-history":[{"count":4,"href":"https:\/\/www.sps-kadan.cz\/index.php?rest_route=\/wp\/v2\/pages\/191\/revisions"}],"predecessor-version":[{"id":5771,"href":"https:\/\/www.sps-kadan.cz\/index.php?rest_route=\/wp\/v2\/pages\/191\/revisions\/5771"}],"up":[{"embeddable":true,"href":"https:\/\/www.sps-kadan.cz\/index.php?rest_route=\/wp\/v2\/pages\/178"}],"wp:attachment":[{"href":"https:\/\/www.sps-kadan.cz\/index.php?rest_route=%2Fwp%2Fv2%2Fmedia&parent=191"}],"curies":[{"name":"wp","href":"https:\/\/api.w.org\/{rel}","templated":true}]}}