{"id":220,"date":"2015-01-13T19:08:54","date_gmt":"2015-01-13T18:08:54","guid":{"rendered":"http:\/\/www.sps-kadan.cz\/?page_id=220"},"modified":"2016-02-09T13:06:28","modified_gmt":"2016-02-09T12:06:28","slug":"fitkivni-firmy","status":"publish","type":"page","link":"https:\/\/www.sps-kadan.cz\/?page_id=220","title":{"rendered":"Fiktivn\u00ed firmy"},"content":{"rendered":"<p><span style=\"text-decoration: underline;\"><strong>FIKTIVN\u00cd FIRMY OA<\/strong><\/span><\/p>\n<div id='gallery-1' class='gallery galleryid-220 gallery-columns-1 gallery-size-medium'><figure class='gallery-item'>\n\t\t\t<div class='gallery-icon portrait'>\n\t\t\t\t<a href='https:\/\/www.sps-kadan.cz\/?attachment_id=1721'><img width=\"150\" height=\"200\" src=\"https:\/\/www.sps-kadan.cz\/wp-content\/uploads\/2015\/01\/fikt_firmy-150x200.jpg\" class=\"attachment-medium size-medium\" alt=\"\" loading=\"lazy\" srcset=\"https:\/\/www.sps-kadan.cz\/wp-content\/uploads\/2015\/01\/fikt_firmy-150x200.jpg 150w, https:\/\/www.sps-kadan.cz\/wp-content\/uploads\/2015\/01\/fikt_firmy-225x300.jpg 225w, https:\/\/www.sps-kadan.cz\/wp-content\/uploads\/2015\/01\/fikt_firmy-525x700.jpg 525w, https:\/\/www.sps-kadan.cz\/wp-content\/uploads\/2015\/01\/fikt_firmy.jpg 768w\" sizes=\"(max-width: 150px) 100vw, 150px\" \/><\/a>\n\t\t\t<\/div><\/figure>\n\t\t<\/div>\n\n<p>V \u00fater\u00fd <strong>20. 12. 2011<\/strong> prob\u011bhl ji\u017e tradi\u010dn\u00ed<strong>p\u0159edv\u00e1no\u010dn\u00ed veletrh studentsk\u00fdch fiktivn\u00edch firem<\/strong>.<\/p>\n<p>\u017d\u00e1ci <strong>3.ro\u010dn\u00edku OA<\/strong> si pro ostatn\u00ed t\u0159\u00eddy p\u0159ipravili pestrou &#8222;nab\u00eddku&#8220; produkt\u016f a slu\u017eeb &#8211; od kosmetiky a\u017e po zbran\u011b. V\u0161ichni z\u00fa\u010dastn\u011bn\u00ed si z\u00e1bavnou formou procvi\u010dili marketingov\u00e9 praktiky, jedn\u00e1n\u00ed s obchodn\u00edmi partnery a vypl\u0148ov\u00e1n\u00ed \u00fa\u010detn\u00edch doklad\u016f. Sou\u010d\u00e1st\u00ed byla t\u00e9\u017e inventarizace pokladn\u00ed hotovosti.<\/p>\n<p>L. Bene\u0161ov\u00e1, P. Rejzkov\u00e1<\/p>\n<div id='gallery-2' class='gallery galleryid-220 gallery-columns-2 gallery-size-medium'><figure class='gallery-item'>\n\t\t\t<div class='gallery-icon landscape'>\n\t\t\t\t<a href='https:\/\/www.sps-kadan.cz\/?attachment_id=1722'><img width=\"200\" height=\"150\" src=\"https:\/\/www.sps-kadan.cz\/wp-content\/uploads\/2015\/01\/fikt_firmy_1-200x150.jpg\" class=\"attachment-medium size-medium\" alt=\"\" loading=\"lazy\" srcset=\"https:\/\/www.sps-kadan.cz\/wp-content\/uploads\/2015\/01\/fikt_firmy_1-200x150.jpg 200w, https:\/\/www.sps-kadan.cz\/wp-content\/uploads\/2015\/01\/fikt_firmy_1-300x225.jpg 300w, https:\/\/www.sps-kadan.cz\/wp-content\/uploads\/2015\/01\/fikt_firmy_1-700x525.jpg 700w, https:\/\/www.sps-kadan.cz\/wp-content\/uploads\/2015\/01\/fikt_firmy_1.jpg 1024w\" sizes=\"(max-width: 200px) 100vw, 200px\" \/><\/a>\n\t\t\t<\/div><\/figure><figure class='gallery-item'>\n\t\t\t<div class='gallery-icon landscape'>\n\t\t\t\t<a href='https:\/\/www.sps-kadan.cz\/?attachment_id=1723'><img width=\"200\" height=\"150\" src=\"https:\/\/www.sps-kadan.cz\/wp-content\/uploads\/2015\/01\/fikt_firmy_2-200x150.jpg\" class=\"attachment-medium size-medium\" alt=\"\" loading=\"lazy\" srcset=\"https:\/\/www.sps-kadan.cz\/wp-content\/uploads\/2015\/01\/fikt_firmy_2-200x150.jpg 200w, https:\/\/www.sps-kadan.cz\/wp-content\/uploads\/2015\/01\/fikt_firmy_2-300x225.jpg 300w, https:\/\/www.sps-kadan.cz\/wp-content\/uploads\/2015\/01\/fikt_firmy_2-700x525.jpg 700w, https:\/\/www.sps-kadan.cz\/wp-content\/uploads\/2015\/01\/fikt_firmy_2.jpg 1024w\" sizes=\"(max-width: 200px) 100vw, 200px\" \/><\/a>\n\t\t\t<\/div><\/figure>\n\t\t<\/div>\n\n<header class=\"entry-header\">\n<h1 class=\"entry-title\">Fiktivn\u00ed firmy z Obchodn\u00ed akademie na veletrhu v \u017datci<\/h1>\n<div class=\"entry-meta\"><span class=\"sep\">Publikov\u00e1no: <\/span><a title=\"10:34\" href=\"https:\/\/www.sps-kadan.cz\/?p=3006\" rel=\"bookmark\"><time class=\"entry-date updated\" datetime=\"2015-02-23T10:34:25+00:00\">23.2.2015<\/time><\/a><span class=\"by-author\"> <span class=\"sep\">Autor: <\/span><span class=\"author vcard\"><a class=\"url fn n\" title=\"Zobrazit v\u0161echny \u010dl\u00e1nky od : Helena Krausov\u00e1 \" href=\"https:\/\/www.sps-kadan.cz\/?author=6\" rel=\"author\">Helena Krausov\u00e1<\/a><\/span><\/span><\/div>\n<\/header>\n<div class=\"entry-content\">\n<p>\u017d\u00e1kyn\u011b kada\u0148sk\u00e9 obchodn\u00ed akademie se ve\u00a0 dnech 18. a 19. 2. 2015\u00a0 z\u00fa\u010dastnily 2. ro\u010dn\u00edku Region\u00e1ln\u00edho veletrhu Fiktivn\u00edch firem v \u017datci.Na\u0161\u00ed \u0161kolu reprezentovaly 2 \u201eFiktivn\u00ed firmy\u201c z\u00a03. ro\u010dn\u00edku Obchodn\u00ed akademie: firma <strong>SATINE, s. r. o.<\/strong> \u2013 prodej luxusn\u00edho d\u00e1msk\u00e9ho pr\u00e1dla, kterou zalo\u017eily \u017e\u00e1kyn\u011b Michaela \u0160ilhanov\u00e1, Barbora Sl\u00e1mov\u00e1 a Nela Habenichtov\u00e1 a firma <strong>PRESS SPORT, s. r. o. &#8211;<\/strong> prodej sportovn\u00edch pot\u0159eb, kterou zalo\u017eily Lenka Proch\u00e1zkov\u00e1, Eli\u0161ka F\u00fcrstov\u00e1 a Kate\u0159ina Kl\u00edmov\u00e1. Celkem se veletrhu z\u00fa\u010dastnilo 20 Fiktivn\u00edch firem z\u00a0\u00dasteck\u00e9ho kraje a okresu Sokolov.Podobn\u00e9 akce se na\u0161e firmy z\u00fa\u010dastnily poprv\u00e9, a proto\u017ee\u00a0 nejsou zat\u00edm zaregistrovan\u00e9 u centra Fiktivn\u00edch firem v\u00a0Praze, nemohly b\u00fdt ofici\u00e1ln\u011b hodnoceny v\u00a0r\u00e1mci sout\u011b\u017e\u00ed po\u0159\u00e1dan\u00fdch na veletrhu. P\u0159esto v\u0161ak hodnot\u00edc\u00ed komise vyzdvihla velmi profesion\u00e1ln\u00ed zpracov\u00e1n\u00ed katalogu \u00a0na\u0161\u00ed firmy \u2013 SATINE, s. r. o.Touto cestou bychom cht\u011bli pod\u011bkovat po\u0159adateli OA a SO\u0160ZE \u017datec za pozv\u00e1n\u00ed na akci, kter\u00e1 byla pro na\u0161e \u017e\u00e1kyn\u011b velmi p\u0159\u00ednosn\u00e1 a umo\u017enila n\u00e1m z\u00edskat nov\u00e9 kontakty i \u0159adu praktick\u00fdch zku\u0161enost\u00ed. Ing. Monika Kuncov\u00e1 (SP\u0160S a OA Kada\u0148)<\/p>\n<div id=\"gallery-1\" class=\"gallery galleryid-3006 gallery-columns-2 gallery-size-medium\">\n<dl class=\"gallery-item\">\n<dt class=\"gallery-icon landscape\"><a href=\"https:\/\/www.sps-kadan.cz\/?attachment_id=3001\"><img loading=\"lazy\" class=\"attachment-medium\" src=\"https:\/\/www.sps-kadan.cz\/wp-content\/uploads\/2015\/02\/20150218_112254-200x113.jpg\" alt=\"20150218_112254\" width=\"200\" height=\"113\" \/><\/a><\/dt>\n<\/dl>\n<dl class=\"gallery-item\">\n<dt class=\"gallery-icon landscape\"><a href=\"https:\/\/www.sps-kadan.cz\/?attachment_id=3002\"><img loading=\"lazy\" class=\"attachment-medium\" src=\"https:\/\/www.sps-kadan.cz\/wp-content\/uploads\/2015\/02\/20150219_092303-200x113.jpg\" alt=\"20150219_092303\" width=\"200\" height=\"113\" \/><\/a><\/dt>\n<\/dl>\n<dl class=\"gallery-item\">\n<dt class=\"gallery-icon portrait\"><a href=\"https:\/\/www.sps-kadan.cz\/?attachment_id=3000\"><img loading=\"lazy\" class=\"attachment-medium\" src=\"https:\/\/www.sps-kadan.cz\/wp-content\/uploads\/2015\/02\/20150218_112155-e1424684049441-113x200.jpg\" alt=\"20150218_112155\" width=\"113\" height=\"200\" \/><\/a><\/dt>\n<\/dl>\n<\/div>\n<\/div>\n<p>&nbsp;<\/p>\n","protected":false},"excerpt":{"rendered":"<p>FIKTIVN\u00cd FIRMY OA V \u00fater\u00fd 20. 12. 2011 prob\u011bhl ji\u017e tradi\u010dn\u00edp\u0159edv\u00e1no\u010dn\u00ed veletrh studentsk\u00fdch fiktivn\u00edch firem. \u017d\u00e1ci 3.ro\u010dn\u00edku OA si pro ostatn\u00ed t\u0159\u00eddy p\u0159ipravili pestrou &#8222;nab\u00eddku&#8220; <a class=\"more-link\" href=\"https:\/\/www.sps-kadan.cz\/?page_id=220\">Cel\u00fd \u010dl\u00e1nek  <span class=\"screen-reader-text\">  Fiktivn\u00ed firmy<\/span><span class=\"meta-nav\">&rarr;<\/span><\/a><\/p>\n","protected":false},"author":6,"featured_media":1723,"parent":174,"menu_order":0,"comment_status":"closed","ping_status":"closed","template":"","meta":[],"_links":{"self":[{"href":"https:\/\/www.sps-kadan.cz\/index.php?rest_route=\/wp\/v2\/pages\/220"}],"collection":[{"href":"https:\/\/www.sps-kadan.cz\/index.php?rest_route=\/wp\/v2\/pages"}],"about":[{"href":"https:\/\/www.sps-kadan.cz\/index.php?rest_route=\/wp\/v2\/types\/page"}],"author":[{"embeddable":true,"href":"https:\/\/www.sps-kadan.cz\/index.php?rest_route=\/wp\/v2\/users\/6"}],"replies":[{"embeddable":true,"href":"https:\/\/www.sps-kadan.cz\/index.php?rest_route=%2Fwp%2Fv2%2Fcomments&post=220"}],"version-history":[{"count":2,"href":"https:\/\/www.sps-kadan.cz\/index.php?rest_route=\/wp\/v2\/pages\/220\/revisions"}],"predecessor-version":[{"id":3773,"href":"https:\/\/www.sps-kadan.cz\/index.php?rest_route=\/wp\/v2\/pages\/220\/revisions\/3773"}],"up":[{"embeddable":true,"href":"https:\/\/www.sps-kadan.cz\/index.php?rest_route=\/wp\/v2\/pages\/174"}],"wp:featuredmedia":[{"embeddable":true,"href":"https:\/\/www.sps-kadan.cz\/index.php?rest_route=\/wp\/v2\/media\/1723"}],"wp:attachment":[{"href":"https:\/\/www.sps-kadan.cz\/index.php?rest_route=%2Fwp%2Fv2%2Fmedia&parent=220"}],"curies":[{"name":"wp","href":"https:\/\/api.w.org\/{rel}","templated":true}]}}