{"id":2387,"date":"2015-01-23T12:39:49","date_gmt":"2015-01-23T11:39:49","guid":{"rendered":"http:\/\/www.sps-kadan.cz\/?page_id=2387"},"modified":"2015-01-30T12:02:59","modified_gmt":"2015-01-30T11:02:59","slug":"ostatni-projekty","status":"publish","type":"page","link":"https:\/\/www.sps-kadan.cz\/?page_id=2387","title":{"rendered":"Ostatn\u00ed projekty"},"content":{"rendered":"<h3><strong>Centrum praktick\u00e9ho ekonomick\u00e9ho vzd\u011bl\u00e1v\u00e1n\u00ed v \u00dasteck\u00e9m kraji<\/strong><\/h3>\n<p>Za\u0159azen\u00ed: OP VK \u00a0&#8211; oblast podpory 1.1 &#8211; Zvy\u0161ov\u00e1n\u00ed kvality ve vzd\u011bl\u00e1v\u00e1n\u00ed<\/p>\n<p>Projekt reaguje na zvy\u0161uj\u00edc\u00ed se po\u017eadavky na uplatnitelnost absolvent\u016f st\u0159edn\u00edch \u0161kol v zam\u011bstn\u00e1n\u00ed. St\u0159edn\u00ed \u0161koly volaj\u00ed po praktick\u00e9m vyu\u010dov\u00e1n\u00ed, setk\u00e1v\u00e1n\u00ed student\u016f s re\u00e1ln\u00fdmi po\u017eadavky zam\u011bstnavatel\u016f, \u0159e\u0161en\u00ed \u00fakol\u016f z praxe, kter\u00e9 umo\u017en\u00ed student\u016fm snadn\u011bj\u0161\u00ed p\u0159echod do pracovn\u00edho v\u010detn\u011b podnikatelsk\u00e9ho \u017eivota, co\u017e je c\u00edlem projektu.<\/p>\n<p>Projekt je ur\u010den student\u016fm st\u0159edn\u00edch \u0161kol &#8211; p\u0159edev\u0161\u00edm Obchodn\u00edm akademi\u00edm a gymn\u00e1zi\u00edm a st\u0159edn\u00edm odborn\u00fdm \u0161kol\u00e1m. Pro ob\u011b skupiny \u0161kol budou p\u0159ipraveny kurzy praktick\u00e9ho ekonomick\u00e9ho vyu\u010dov\u00e1n\u00ed dle jejich zam\u011b\u0159en\u00ed a priorit. Sekund\u00e1rn\u00ed c\u00edlovou skupinou jsou pedagogov\u00e9 zm\u00edn\u011bn\u00fdch \u0161kol, kte\u0159\u00ed v\u00edtaj\u00ed p\u0159\u00edpravu praktick\u00fdch \u00fakol\u016f a v\u011bt\u0161\u00ed mno\u017estv\u00ed v\u00fdukov\u00fdch materi\u00e1l\u016f, pomoc\u00ed kter\u00fdch budou moci procvi\u010dovat teorii, kterou vykl\u00e1daj\u00ed v r\u00e1mci sv\u00e9 v\u00fduky. D\u016fle\u017eit\u00e1 je pro n\u011b i v\u00fdm\u011bna zku\u0161enost\u00ed mezi pedagogy a setk\u00e1v\u00e1n\u00ed se z\u00e1stupci firem, se kter\u00fdmi mohou pl\u00e1novat praxe \u010di st\u00e1\u017ee pro sv\u00e9 studenty. Vybudov\u00e1n\u00ed centra praktick\u00e9ho ekonomick\u00e9ho vyu\u010dov\u00e1n\u00ed pod veden\u00edm expert\u016f Fakulty soci\u00e1ln\u011b ekonomick\u00e9 UJEP povede k v\u00fd\u0161e uveden\u00fdm c\u00edl\u016fm.<\/p>\n<p>Navazuj\u00edc\u00edmi c\u00edli projektu jsou zaji\u0161t\u011bn\u00ed lep\u0161\u00ed uplatnitelnosti absolvent\u016f S\u0160 na trhu pr\u00e1ce, rozvoj znalost\u00ed a dovednost\u00ed v\u010d. soft skills vedouc\u00edch k vlastn\u00ed podnikatelsk\u00e9 iniciativ\u011b (nap\u0159. zalo\u017een\u00ed \u017eivnosti), a z pohledu \u017eadatele rovn\u011b\u017e zv\u00fd\u0161en\u00ed kompetenc\u00ed, kter\u00e9 budou m\u00edt vliv na v\u011bt\u0161\u00ed \u00fasp\u011b\u0161nost p\u0159ijet\u00ed na vysokou \u0161kolu.<\/p>\n<h3><\/h3>\n<p>Podkru\u0161nohorsk\u00e9 gymn\u00e1zium Most, p\u0159\u00edsp\u011bvkov\u00e1 organizace je nositelem projektu<\/p>\n<p><a href=\"\/wp-content\/uploads\/2015\/01\/projekt.pdf\" target=\"_blank\">Nebojte se matematiky!<\/a><\/p>\n<p>CZ.1.07\/1.1.34\/01.0022<\/p>\n<p>C\u00edlov\u00e1 skupina projektu:<\/p>\n<ul>\n<li>\u017d\u00e1ci st\u0159edn\u00edch \u0161kol, pracovn\u00edci \u0161kol a \u0161kolsk\u00fdch za\u0159\u00edzen\u00ed.<\/li>\n<\/ul>\n<p>Stru\u010dn\u00fd obsah projektu<\/p>\n<ul>\n<li>Dle posledn\u00edch v\u00fdzkum\u016f znalosti a dovednosti \u017e\u00e1k\u016f v UK klesaj\u00ed rychl\u00fdm tempem. P\u0159edev\u0161\u00edm v matematice se v\u00fdsledky \u017e\u00e1k\u016f zhor\u0161ily nejv\u00edce ze v\u0161ech ostatn\u00edch kraj\u016f v \u010cR. Projekt se proto zam\u011b\u0159uje na zv\u00fd\u0161en\u00ed matematick\u00e9 gramotnosti \u017e\u00e1k\u016f na gymn\u00e1zi\u00edch a pr\u016fmyslov\u00fdch \u0161kol\u00e1ch, \u010d\u00edm\u017e v d\u016fsledku podporuje studium technick\u00fdch obor\u016f. Aprobovan\u00ed matematik\u00e1\u0159i ze zapojen\u00fdch \u0161kol se budou spole\u010dn\u011b pod\u00edlet nejprve na identifikaci specifick\u00fdch probl\u00e9m\u016f, kter\u00e9 jsou bari\u00e9rou ve v\u00fduce matematiky a n\u00e1sledn\u011b na jejich eliminaci a na tvorb\u011b metodiky, kter\u00e1 bude obsahovat nov\u00e9 metody a zp\u016fsoby v\u00fduky, pracovn\u00ed listy a dal\u0161\u00ed n\u00e1vody, jak p\u0159ibl\u00ed\u017eit matematiku \u017e\u00e1k\u016fm z c\u00edlov\u00e9 skupiny. Sou\u010d\u00e1st\u00ed projektu budou tak\u00e9 matematick\u00e9 sout\u011b\u017ee, exkurze a vytvo\u0159en\u00ed matematick\u00e9 a technick\u00e9 laborato\u0159e. Prost\u0159ednictv\u00edm zaveden\u00ed nov\u00fdch v\u00fdukov\u00fdch metod, p\u0159\u00edstup\u016f a forem v\u00fduky chceme v r\u00e1mci projektu \u017e\u00e1ky zaujmout a p\u0159esv\u011bd\u010dit je, \u017ee matematika nen\u00ed abstraktn\u00ed v\u011bda, ale \u017ee je sou\u010d\u00e1st\u00ed b\u011b\u017en\u00e9ho \u017eivota.<\/li>\n<\/ul>\n<p>&nbsp;<\/p>\n<p><strong>Samostatn\u00fd absolvent = \u00fasp\u011b\u0161n\u00fd uchaze\u010d o pr\u00e1ci<\/strong><\/p>\n<p>&nbsp;<\/p>\n<p><a title=\"podrobn\u00e9 informace\" href=\"\/wp-content\/uploads\/2015\/01\/samostatny_absolvent_2011.pdf\" target=\"_blank\"><img loading=\"lazy\" class=\"aligncenter size-full wp-image-1772\" src=\"\/wp-content\/uploads\/2015\/01\/samostatny_absolvent_2011.jpg\" alt=\"samostatn\u00fd absolvent 2011\" width=\"150\" height=\"98\" \/><\/a><\/p>\n<p>C\u00edle projektu vych\u00e1zej\u00ed ze zji\u0161t\u011bn\u00e9 pot\u0159eby spolupr\u00e1ce mezi st\u0159edn\u00edmi \u0161kolami a zam\u011bstnavateli. Jedn\u00edm z hlavn\u00edch c\u00edl\u016f projektu je vytvo\u0159en\u00ed vzd\u011bl\u00e1vac\u00edho programu, kter\u00fd bude rozv\u00edjet podnikatelsk\u00e9 znalosti, schopnosti a dovednosti \u017e\u00e1k\u016f st\u0159edn\u00edch \u0161kol. Zajist\u00ed zainteresovan\u00fdm \u017e\u00e1k\u016fm z\u00edskat zku\u0161enosti v \u201enetechnick\u00fdch&#8220; p\u0159edm\u011btech jako jsou obchodn\u00ed vztahy, obchodn\u00ed schopnosti, komunikace, jedn\u00e1n\u00ed vn\u011b i uvnit\u0159 firmy, ekonomick\u00e9 my\u0161len\u00ed, organizace \u010dasu, t\u00fdmov\u00e1 spolupr\u00e1ce, samostatnost apod.<\/p>\n<p><strong>Stavebnictv\u00ed &#8211; perspektiva pro mlad\u00e9<\/strong><strong>: SPM<\/strong><\/p>\n<table border=\"0\">\n<tbody>\n<tr>\n<td>V\u00edce informac\u00ed z\u00edsk\u00e1te na str\u00e1nk\u00e1ch:<\/td>\n<td><a href=\"http:\/\/stavebnictvipromlade.cz\/\" target=\"_blank\" class=\"broken_link\">http:\/\/stavebnictvipromlade.cz\/<\/a><\/td>\n<\/tr>\n<\/tbody>\n<\/table>\n<p>&nbsp;<\/p>\n<p><a href=\"\/?p=1888\">\u010dt\u011bte v aktualit\u00e1ch<\/a><\/p>\n","protected":false},"excerpt":{"rendered":"<p>Centrum praktick\u00e9ho ekonomick\u00e9ho vzd\u011bl\u00e1v\u00e1n\u00ed v \u00dasteck\u00e9m kraji Za\u0159azen\u00ed: OP VK \u00a0&#8211; oblast podpory 1.1 &#8211; Zvy\u0161ov\u00e1n\u00ed kvality ve vzd\u011bl\u00e1v\u00e1n\u00ed Projekt reaguje na zvy\u0161uj\u00edc\u00ed se po\u017eadavky <a class=\"more-link\" href=\"https:\/\/www.sps-kadan.cz\/?page_id=2387\">Cel\u00fd \u010dl\u00e1nek  <span class=\"screen-reader-text\">  Ostatn\u00ed projekty<\/span><span class=\"meta-nav\">&rarr;<\/span><\/a><\/p>\n","protected":false},"author":6,"featured_media":0,"parent":232,"menu_order":0,"comment_status":"closed","ping_status":"closed","template":"","meta":[],"_links":{"self":[{"href":"https:\/\/www.sps-kadan.cz\/index.php?rest_route=\/wp\/v2\/pages\/2387"}],"collection":[{"href":"https:\/\/www.sps-kadan.cz\/index.php?rest_route=\/wp\/v2\/pages"}],"about":[{"href":"https:\/\/www.sps-kadan.cz\/index.php?rest_route=\/wp\/v2\/types\/page"}],"author":[{"embeddable":true,"href":"https:\/\/www.sps-kadan.cz\/index.php?rest_route=\/wp\/v2\/users\/6"}],"replies":[{"embeddable":true,"href":"https:\/\/www.sps-kadan.cz\/index.php?rest_route=%2Fwp%2Fv2%2Fcomments&post=2387"}],"version-history":[{"count":1,"href":"https:\/\/www.sps-kadan.cz\/index.php?rest_route=\/wp\/v2\/pages\/2387\/revisions"}],"predecessor-version":[{"id":2862,"href":"https:\/\/www.sps-kadan.cz\/index.php?rest_route=\/wp\/v2\/pages\/2387\/revisions\/2862"}],"up":[{"embeddable":true,"href":"https:\/\/www.sps-kadan.cz\/index.php?rest_route=\/wp\/v2\/pages\/232"}],"wp:attachment":[{"href":"https:\/\/www.sps-kadan.cz\/index.php?rest_route=%2Fwp%2Fv2%2Fmedia&parent=2387"}],"curies":[{"name":"wp","href":"https:\/\/api.w.org\/{rel}","templated":true}]}}

Ostatní projekty

<h3><strong>Centrum praktického ekonomického vzdělávání v Ústeckém kraji</strong></h3>
<p>Zařazení: OP VK  &#8211; oblast podpory 1.1 &#8211; Zvyšování kvality ve vzdělávání</p>
<p>Projekt reaguje na zvyšující se požadavky na uplatnitelnost absolventů středních škol v zaměstnání. Střední školy volají po praktickém vyučování, setkávání studentů s reálnými požadavky zaměstnavatelů, řešení úkolů z praxe, které umožní studentům snadnější přechod do pracovního včetně podnikatelského života, což je cílem projektu.</p>
<p>Projekt je určen studentům středních škol &#8211; především Obchodním akademiím a gymnáziím a středním odborným školám. Pro obě skupiny škol budou připraveny kurzy praktického ekonomického vyučování dle jejich zaměření a priorit. Sekundární cílovou skupinou jsou pedagogové zmíněných škol, kteří vítají přípravu praktických úkolů a větší množství výukových materiálů, pomocí kterých budou moci procvičovat teorii, kterou vykládají v rámci své výuky. Důležitá je pro ně i výměna zkušeností mezi pedagogy a setkávání se zástupci firem, se kterými mohou plánovat praxe či stáže pro své studenty. Vybudování centra praktického ekonomického vyučování pod vedením expertů Fakulty sociálně ekonomické UJEP povede k výše uvedeným cílům.</p>
<p>Navazujícími cíli projektu jsou zajištění lepší uplatnitelnosti absolventů SŠ na trhu práce, rozvoj znalostí a dovedností vč. soft skills vedoucích k vlastní podnikatelské iniciativě (např. založení živnosti), a z pohledu žadatele rovněž zvýšení kompetencí, které budou mít vliv na větší úspěšnost přijetí na vysokou školu.</p>
<h3></h3>
<p>Podkrušnohorské gymnázium Most, příspěvková organizace je nositelem projektu</p>
<p><a href="/wp-content/uploads/2015/01/projekt.pdf" target="_blank">Nebojte se matematiky!</a></p>
<p>CZ.1.07/1.1.34/01.0022</p>
<p>Cílová skupina projektu:</p>
<ul>
<li>Žáci středních škol, pracovníci škol a školských zařízení.</li>
</ul>
<p>Stručný obsah projektu</p>
<ul>
<li>Dle posledních výzkumů znalosti a dovednosti žáků v UK klesají rychlým tempem. Především v matematice se výsledky žáků zhoršily nejvíce ze všech ostatních krajů v ČR. Projekt se proto zaměřuje na zvýšení matematické gramotnosti žáků na gymnáziích a průmyslových školách, čímž v důsledku podporuje studium technických oborů. Aprobovaní matematikáři ze zapojených škol se budou společně podílet nejprve na identifikaci specifických problémů, které jsou bariérou ve výuce matematiky a následně na jejich eliminaci a na tvorbě metodiky, která bude obsahovat nové metody a způsoby výuky, pracovní listy a další návody, jak přiblížit matematiku žákům z cílové skupiny. Součástí projektu budou také matematické soutěže, exkurze a vytvoření matematické a technické laboratoře. Prostřednictvím zavedení nových výukových metod, přístupů a forem výuky chceme v rámci projektu žáky zaujmout a přesvědčit je, že matematika není abstraktní věda, ale že je součástí běžného života.</li>
</ul>
<p>&nbsp;</p>
<p><strong>Samostatný absolvent = úspěšný uchazeč o práci</strong></p>
<p>&nbsp;</p>
<p><a title="podrobné informace" href="/wp-content/uploads/2015/01/samostatny_absolvent_2011.pdf" target="_blank"><img loading="lazy" class="aligncenter size-full wp-image-1772" src="/wp-content/uploads/2015/01/samostatny_absolvent_2011.jpg" alt="samostatný absolvent 2011" width="150" height="98" /></a></p>
<p>Cíle projektu vycházejí ze zjištěné potřeby spolupráce mezi středními školami a zaměstnavateli. Jedním z hlavních cílů projektu je vytvoření vzdělávacího programu, který bude rozvíjet podnikatelské znalosti, schopnosti a dovednosti žáků středních škol. Zajistí zainteresovaným žákům získat zkušenosti v „netechnických&#8220; předmětech jako jsou obchodní vztahy, obchodní schopnosti, komunikace, jednání vně i uvnitř firmy, ekonomické myšlení, organizace času, týmová spolupráce, samostatnost apod.</p>
<p><strong>Stavebnictví &#8211; perspektiva pro mladé</strong><strong>: SPM</strong></p>
<table border="0">
<tbody>
<tr>
<td>Více informací získáte na stránkách:</td>
<td><a href="http://stavebnictvipromlade.cz/" target="_blank" class="broken_link">http://stavebnictvipromlade.cz/</a></td>
</tr>
</tbody>
</table>
<p>&nbsp;</p>
<p><a href="/?p=1888">čtěte v aktualitách</a></p>

<p>Centrum praktického ekonomického vzdělávání v Ústeckém kraji Zařazení: OP VK  &#8211; oblast podpory 1.1 &#8211; Zvyšování kvality ve vzdělávání Projekt reaguje na zvyšující se požadavky <a class="more-link" href="https://www.sps-kadan.cz/?page_id=2387">Celý článek  <span class="screen-reader-text">  Ostatní projekty</span><span class="meta-nav">&rarr;</span></a></p>
