{"id":2415,"date":"2015-01-23T13:32:47","date_gmt":"2015-01-23T12:32:47","guid":{"rendered":"http:\/\/www.sps-kadan.cz\/?page_id=2415"},"modified":"2015-01-30T12:02:19","modified_gmt":"2015-01-30T11:02:19","slug":"o-skole","status":"publish","type":"page","link":"https:\/\/www.sps-kadan.cz\/?page_id=2415","title":{"rendered":"O \u0161kole"},"content":{"rendered":"<ul>\n<li><a title=\"Informace o \u0161kole\" href=\"\/?page_id=10\">Informace o \u0161kole<\/a><\/li>\n<li><a title=\"Historie\" href=\"\/?page_id=38\">Historie<\/a><\/li>\n<li><a title=\"Obory vzd\u011bl\u00e1n\u00ed\" href=\"\/?page_id=60\">Obory vzd\u011bl\u00e1n\u00ed<\/a><\/li>\n<li><a title=\"\u0160kolsk\u00e1 rada\" href=\"\/?page_id=67\">\u0160kolsk\u00e1 rada<\/a><\/li>\n<li><a title=\"SRP\u0160\" href=\"\/?page_id=80\">SRP\u0160<\/a><\/li>\n<li><a title=\"Provozn\u00ed zam\u011bstnanci\" href=\"\/?page_id=83\">Provozn\u00ed zam\u011bstnanci<\/a><\/li>\n<li><a title=\"Dokumenty \u0161koly\" href=\"\/?page_id=89\">Dokumenty \u0161koly<\/a><\/li>\n<li><a title=\"60. v\u00fdro\u010d\u00ed a reko \u0161koly\" href=\"\/?page_id=111\">60. v\u00fdro\u010d\u00ed a reko \u0161koly<\/a><\/li>\n<li><a title=\"Organizace \u0161koln\u00edho roku\" href=\"\/?page_id=115\">Organizace \u0161koln\u00edho roku<\/a><\/li>\n<li><a title=\"\u0160koln\u00ed rok\" href=\"\/?page_id=118\">\u0160koln\u00ed rok<\/a><\/li>\n<\/ul>\n","protected":false},"excerpt":{"rendered":"<p>Informace o \u0161kole Historie Obory vzd\u011bl\u00e1n\u00ed \u0160kolsk\u00e1 rada SRP\u0160 Provozn\u00ed zam\u011bstnanci Dokumenty \u0161koly 60. v\u00fdro\u010d\u00ed a reko \u0161koly Organizace \u0161koln\u00edho roku \u0160koln\u00ed rok<\/p>\n","protected":false},"author":6,"featured_media":0,"parent":0,"menu_order":0,"comment_status":"closed","ping_status":"closed","template":"","meta":[],"_links":{"self":[{"href":"https:\/\/www.sps-kadan.cz\/index.php?rest_route=\/wp\/v2\/pages\/2415"}],"collection":[{"href":"https:\/\/www.sps-kadan.cz\/index.php?rest_route=\/wp\/v2\/pages"}],"about":[{"href":"https:\/\/www.sps-kadan.cz\/index.php?rest_route=\/wp\/v2\/types\/page"}],"author":[{"embeddable":true,"href":"https:\/\/www.sps-kadan.cz\/index.php?rest_route=\/wp\/v2\/users\/6"}],"replies":[{"embeddable":true,"href":"https:\/\/www.sps-kadan.cz\/index.php?rest_route=%2Fwp%2Fv2%2Fcomments&post=2415"}],"version-history":[{"count":1,"href":"https:\/\/www.sps-kadan.cz\/index.php?rest_route=\/wp\/v2\/pages\/2415\/revisions"}],"predecessor-version":[{"id":2845,"href":"https:\/\/www.sps-kadan.cz\/index.php?rest_route=\/wp\/v2\/pages\/2415\/revisions\/2845"}],"wp:attachment":[{"href":"https:\/\/www.sps-kadan.cz\/index.php?rest_route=%2Fwp%2Fv2%2Fmedia&parent=2415"}],"curies":[{"name":"wp","href":"https:\/\/api.w.org\/{rel}","templated":true}]}}