{"id":89,"date":"2015-01-13T15:45:37","date_gmt":"2015-01-13T14:45:37","guid":{"rendered":"http:\/\/www.sps-kadan.cz\/?page_id=89"},"modified":"2025-12-17T10:14:22","modified_gmt":"2025-12-17T09:14:22","slug":"dokumenty-skoly","status":"publish","type":"page","link":"https:\/\/www.sps-kadan.cz\/?page_id=89","title":{"rendered":"Dokumenty \u0161koly"},"content":{"rendered":"\n<div class=\"wp-block-file\"><a href=\"https:\/\/www.sps-kadan.cz\/wp-content\/uploads\/2025\/12\/Rozpocet-2026.pdf\">Rozpocet-2026<\/a><a href=\"https:\/\/www.sps-kadan.cz\/wp-content\/uploads\/2025\/12\/Rozpocet-2026.pdf\" class=\"wp-block-file__button\" download>St\u00e1hnout<\/a><\/div>\n\n\n\n<div class=\"wp-block-file\"><a href=\"https:\/\/www.sps-kadan.cz\/wp-content\/uploads\/2025\/12\/Strednedoby-vyhled-rozpoctu-prispevkove-organizace.pdf\">Strednedoby-vyhled-rozpoctu-prispevkove-organizace<\/a><a href=\"https:\/\/www.sps-kadan.cz\/wp-content\/uploads\/2025\/12\/Strednedoby-vyhled-rozpoctu-prispevkove-organizace.pdf\" class=\"wp-block-file__button\" download>St\u00e1hnout<\/a><\/div>\n\n\n\n<div class=\"wp-block-file\"><a href=\"https:\/\/www.sps-kadan.cz\/wp-content\/uploads\/2025\/01\/Rozpocet.2025.pdf\">Rozpocet.2025<\/a><a href=\"https:\/\/www.sps-kadan.cz\/wp-content\/uploads\/2025\/01\/Rozpocet.2025.pdf\" class=\"wp-block-file__button\" download>St\u00e1hnout<\/a><\/div>\n\n\n\n<div class=\"wp-block-file\"><a href=\"https:\/\/www.sps-kadan.cz\/wp-content\/uploads\/2025\/01\/Strednedoby-vyhled-rozpoctu-2026-2027.pdf\"><br>Strednedoby-vyhled-rozpoctu-2026-2027<\/a><a href=\"https:\/\/www.sps-kadan.cz\/wp-content\/uploads\/2025\/01\/Strednedoby-vyhled-rozpoctu-2026-2027.pdf\" class=\"wp-block-file__button\" download>St\u00e1hnout<\/a><\/div>\n\n\n<p><a href=\"https:\/\/www.sps-kadan.cz\/wp-content\/uploads\/2024\/03\/Vyrocni-zprava-Poskytovani-informaci-2023.pdf\">V\u00fdro\u010dn\u00ed zpr\u00e1va- Poskytov\u00e1n\u00ed informac\u00ed <\/a><\/p>\n<ul>\n<li><strong><a title=\"V\u00fdro\u010dn\u00ed zpr\u00e1va\" href=\"\/wp-content\/uploads\/2015\/01\/vyrocni_zprava_2011-2012.pdf\" target=\"_blank\" rel=\"noopener noreferrer\">V\u00fdro\u010dn\u00ed zpr\u00e1va<\/a> <\/strong>\u0161koln\u00edho roku 2011\/2012<\/li>\n<li><strong><a title=\"V\u00fdro\u010dn\u00ed zpr\u00e1va\" href=\"\/wp-content\/uploads\/2015\/01\/vyrocni_zprava_2012-2013.pdf\" target=\"_blank\" rel=\"noopener noreferrer\">V\u00fdro\u010dn\u00ed zpr\u00e1va<\/a> <\/strong>\u0161koln\u00edho roku 2012\/2013<\/li>\n<li><strong><a title=\"V\u00fdro\u010dn\u00ed zpr\u00e1va\" href=\"\/wp-content\/uploads\/2015\/01\/vyrocni_zprava_2013-2014.pdf\" target=\"_blank\" rel=\"noopener noreferrer\">V\u00fdro\u010dn\u00ed zpr\u00e1va<\/a><\/strong> \u0161koln\u00edho roku 2013\/2014<\/li>\n<li><strong><a href=\"https:\/\/www.sps-kadan.cz\/wp-content\/uploads\/2015\/01\/V\u00fdro\u010dn\u00ed-zpr\u00e1va.pdf\">V\u00fdro\u010dn\u00ed zpr\u00e1va<\/a>\u00a0<\/strong>\u0161koln\u00edho roku 2014\/2015<\/li>\n<li><strong><a href=\"https:\/\/www.sps-kadan.cz\/wp-content\/uploads\/2015\/01\/VZ-2015-2016-bez-p\u0159\u00edlohy.pdf\">V\u00fdro\u010dn\u00ed zpr\u00e1va<\/a>\u00a0<\/strong>\u0161koln\u00edho roku 2015\/2016<\/li>\n<li><strong><a href=\"https:\/\/www.sps-kadan.cz\/wp-content\/uploads\/2015\/01\/1-VZ-2016-2017.pdf\">V\u00fdro\u010dn\u00ed zpr\u00e1va<\/a><\/strong>\u00a0\u0161koln\u00edho roku 2016\/2017<\/li>\n<li><strong><a href=\"https:\/\/www.sps-kadan.cz\/wp-content\/uploads\/2015\/01\/V\u00fdro\u010dn\u00ed-zpr\u00e1va-2017-2018.pdf\">V\u00fdro\u010dn\u00ed zpr\u00e1va<\/a>\u00a0<\/strong>\u0161koln\u00edho roku 2017\/2018<\/li>\n<li><a href=\"https:\/\/www.sps-kadan.cz\/wp-content\/uploads\/2020\/01\/V\u00fdro\u010dn\u00ed-zpr\u00e1va_2018-2019.pdf\">V\u00fdro\u010dn\u00ed zpr\u00e1va \u0161koln\u00ed rok 2018\/2019<\/a><\/li>\n<li><a href=\"https:\/\/www.sps-kadan.cz\/wp-content\/uploads\/2020\/11\/V\u00fdro\u010dn\u00ed-zpr\u00e1va_2019-2020.pdf\">V\u00fdro\u010dn\u00ed zpr\u00e1va \u0161koln\u00ed rok 2019-2020<\/a><\/li>\n<li><a href=\"https:\/\/www.sps-kadan.cz\/wp-content\/uploads\/2021\/11\/Vyrocni-zprava-SPSS-a-OA-Kadan-2020-2021.pdf\">V\u00fdro\u010dn\u00ed zpr\u00e1va \u0161koln\u00ed rok 2020-2021<\/a><\/li>\n<li><a href=\"https:\/\/www.sps-kadan.cz\/wp-content\/uploads\/2022\/11\/Vyrocni-zprava-2021-2022.pdf\">V\u00fdro\u010dn\u00ed zpr\u00e1va \u0161koln\u00ed rok 2021-2022<\/a><\/li>\n<li><a href=\"https:\/\/www.sps-kadan.cz\/wp-content\/uploads\/2023\/10\/Vyrocni-zprava-2022-2023.pdf\">V\u00fdro<\/a><a href=\"https:\/\/www.sps-kadan.cz\/wp-content\/uploads\/2023\/10\/Vyrocni-zprava-2022-2023.pdf\">\u010dn\u00ed zpr\u00e1va \u0161koln\u00ed rok 2022-2023<\/a><\/li>\n<li><a title=\"\u0160VP\" href=\"\/?page_id=92\">\u0160VP<\/a><\/li>\n<li><a title=\"\u0160koln\u00ed \u0159\u00e1d\" href=\"\/?page_id=101\">\u0160koln\u00ed \u0159\u00e1d<\/a><\/li>\n<li><a title=\"Formul\u00e1\u0159e\" href=\"\/?page_id=105\">Formul\u00e1\u0159e<\/a> \u0161koly<\/li>\n<\/ul>\n\n\n<div class=\"wp-block-file\"><a href=\"https:\/\/www.sps-kadan.cz\/wp-content\/uploads\/2024\/10\/VYROCNI-ZPRAVA-2023_2024-1.pdf\"><br>VYROCNI-ZPRAVA-2023_2024<\/a><a href=\"https:\/\/www.sps-kadan.cz\/wp-content\/uploads\/2024\/10\/VYROCNI-ZPRAVA-2023_2024-1.pdf\" class=\"wp-block-file__button\" download>St\u00e1hnout<\/a><\/div>\n\n\n\n<div class=\"wp-block-file\"><a href=\"https:\/\/www.sps-kadan.cz\/wp-content\/uploads\/2024\/10\/Bezpecnostni-a-krizovy-plan-skoly.pdf\">Bezpecnostni-a-krizovy-plan-skoly<\/a><a href=\"https:\/\/www.sps-kadan.cz\/wp-content\/uploads\/2024\/10\/Bezpecnostni-a-krizovy-plan-skoly.pdf\" class=\"wp-block-file__button\" download>St\u00e1hnout<\/a><\/div>\n\n\n\n<div class=\"wp-block-file\"><a href=\"https:\/\/www.sps-kadan.cz\/wp-content\/uploads\/2025\/10\/Vyrocni-zprava-skolni-rok-2024-2025.pdf\">Vyrocni-zprava-skolni-rok-2024-2025<\/a><a href=\"https:\/\/www.sps-kadan.cz\/wp-content\/uploads\/2025\/10\/Vyrocni-zprava-skolni-rok-2024-2025.pdf\" class=\"wp-block-file__button\" download>St\u00e1hnout<\/a><\/div>\n","protected":false},"excerpt":{"rendered":"<p>V\u00fdro\u010dn\u00ed zpr\u00e1va- Poskytov\u00e1n\u00ed informac\u00ed V\u00fdro\u010dn\u00ed zpr\u00e1va \u0161koln\u00edho roku 2011\/2012 V\u00fdro\u010dn\u00ed zpr\u00e1va \u0161koln\u00edho roku 2012\/2013 V\u00fdro\u010dn\u00ed zpr\u00e1va \u0161koln\u00edho roku 2013\/2014 V\u00fdro\u010dn\u00ed zpr\u00e1va\u00a0\u0161koln\u00edho roku 2014\/2015 V\u00fdro\u010dn\u00ed zpr\u00e1va\u00a0\u0161koln\u00edho <a class=\"more-link\" href=\"https:\/\/www.sps-kadan.cz\/?page_id=89\">Cel\u00fd \u010dl\u00e1nek  <span class=\"screen-reader-text\">  Dokumenty \u0161koly<\/span><span class=\"meta-nav\">&rarr;<\/span><\/a><\/p>\n","protected":false},"author":6,"featured_media":0,"parent":2415,"menu_order":0,"comment_status":"closed","ping_status":"closed","template":"","meta":[],"_links":{"self":[{"href":"https:\/\/www.sps-kadan.cz\/index.php?rest_route=\/wp\/v2\/pages\/89"}],"collection":[{"href":"https:\/\/www.sps-kadan.cz\/index.php?rest_route=\/wp\/v2\/pages"}],"about":[{"href":"https:\/\/www.sps-kadan.cz\/index.php?rest_route=\/wp\/v2\/types\/page"}],"author":[{"embeddable":true,"href":"https:\/\/www.sps-kadan.cz\/index.php?rest_route=\/wp\/v2\/users\/6"}],"replies":[{"embeddable":true,"href":"https:\/\/www.sps-kadan.cz\/index.php?rest_route=%2Fwp%2Fv2%2Fcomments&post=89"}],"version-history":[{"count":35,"href":"https:\/\/www.sps-kadan.cz\/index.php?rest_route=\/wp\/v2\/pages\/89\/revisions"}],"predecessor-version":[{"id":8933,"href":"https:\/\/www.sps-kadan.cz\/index.php?rest_route=\/wp\/v2\/pages\/89\/revisions\/8933"}],"up":[{"embeddable":true,"href":"https:\/\/www.sps-kadan.cz\/index.php?rest_route=\/wp\/v2\/pages\/2415"}],"wp:attachment":[{"href":"https:\/\/www.sps-kadan.cz\/index.php?rest_route=%2Fwp%2Fv2%2Fmedia&parent=89"}],"curies":[{"name":"wp","href":"https:\/\/api.w.org\/{rel}","templated":true}]}}